{"id":329,"date":"2018-11-20T19:33:52","date_gmt":"2018-11-20T18:33:52","guid":{"rendered":"http:\/\/muenster.org\/mfk-ms\/wordpress\/?page_id=329"},"modified":"2018-11-28T19:30:25","modified_gmt":"2018-11-28T18:30:25","slug":"indoor","status":"publish","type":"page","link":"http:\/\/muenster.org\/mfk-ms\/?page_id=329","title":{"rendered":"Indoor"},"content":{"rendered":"<p>Regelm\u00e4\u00dfig samstags von 10:00 Uhr bis um 13:00 steht uns die 3-fach-Sporthalle in M\u00fcnster-Gremmendorf zur Verf\u00fcgung. Ausnahme sind hier nur die Schulferien und gelegentliche anderweitige Hallenreservierungen. Ansprechpartner f\u00fcr die Hallennutzung ist G\u00fcnter Klein, Tel: 01735736718<br \/>\n<center><br \/>\n<iframe loading=\"lazy\" width=\"560\" height=\"315\" src=\"https:\/\/www.youtube.com\/embed\/R20Jai83NMM\" frameborder=\"0\" allow=\"accelerometer; autoplay; encrypted-media; gyroscope; picture-in-picture\" allowfullscreen><\/iframe><br \/><\/center><br \/>\nAn dieser Stelle noch einmal vielen Dank an das Stadtsportamt f\u00fcr die freundliche Unterst\u00fctzung !<\/p>\n","protected":false},"excerpt":{"rendered":"<p>Regelm\u00e4\u00dfig samstags von 10:00 Uhr bis um 13:00 steht uns die 3-fach-Sporthalle in M\u00fcnster-Gremmendorf zur Verf\u00fcgung. Ausnahme sind hier nur[&#8230;]<\/p>\n","protected":false},"author":2,"featured_media":0,"parent":30,"menu_order":4,"comment_status":"closed","ping_status":"closed","template":"","meta":{"ngg_post_thumbnail":0,"footnotes":""},"class_list":["post-329","page","type-page","status-publish","hentry"],"_links":{"self":[{"href":"http:\/\/muenster.org\/mfk-ms\/index.php?rest_route=\/wp\/v2\/pages\/329"}],"collection":[{"href":"http:\/\/muenster.org\/mfk-ms\/index.php?rest_route=\/wp\/v2\/pages"}],"about":[{"href":"http:\/\/muenster.org\/mfk-ms\/index.php?rest_route=\/wp\/v2\/types\/page"}],"author":[{"embeddable":true,"href":"http:\/\/muenster.org\/mfk-ms\/index.php?rest_route=\/wp\/v2\/users\/2"}],"replies":[{"embeddable":true,"href":"http:\/\/muenster.org\/mfk-ms\/index.php?rest_route=%2Fwp%2Fv2%2Fcomments&post=329"}],"version-history":[{"count":5,"href":"http:\/\/muenster.org\/mfk-ms\/index.php?rest_route=\/wp\/v2\/pages\/329\/revisions"}],"predecessor-version":[{"id":370,"href":"http:\/\/muenster.org\/mfk-ms\/index.php?rest_route=\/wp\/v2\/pages\/329\/revisions\/370"}],"up":[{"embeddable":true,"href":"http:\/\/muenster.org\/mfk-ms\/index.php?rest_route=\/wp\/v2\/pages\/30"}],"wp:attachment":[{"href":"http:\/\/muenster.org\/mfk-ms\/index.php?rest_route=%2Fwp%2Fv2%2Fmedia&parent=329"}],"curies":[{"name":"wp","href":"https:\/\/api.w.org\/{rel}","templated":true}]}}

<p>Regelmäßig samstags von 10:00 Uhr bis um 13:00 steht uns die 3-fach-Sporthalle in Münster-Gremmendorf zur Verfügung. Ausnahme sind hier nur die Schulferien und gelegentliche anderweitige Hallenreservierungen. Ansprechpartner für die Hallennutzung ist Günter Klein, Tel: 01735736718<br />
<center><br />
<iframe loading="lazy" width="560" height="315" src="https://www.youtube.com/embed/R20Jai83NMM" frameborder="0" allow="accelerometer; autoplay; encrypted-media; gyroscope; picture-in-picture" allowfullscreen></iframe><br /></center><br />
An dieser Stelle noch einmal vielen Dank an das Stadtsportamt für die freundliche Unterstützung !</p>

<p>Regelmäßig samstags von 10:00 Uhr bis um 13:00 steht uns die 3-fach-Sporthalle in Münster-Gremmendorf zur Verfügung. Ausnahme sind hier nur[&#8230;]</p>
