{"id":45,"date":"2018-11-13T21:41:42","date_gmt":"2018-11-13T20:41:42","guid":{"rendered":"http:\/\/muenster.org\/mfk-ms\/wordpress\/?page_id=45"},"modified":"2018-11-20T19:40:34","modified_gmt":"2018-11-20T18:40:34","slug":"copter","status":"publish","type":"page","link":"http:\/\/muenster.org\/mfk-ms\/?page_id=45","title":{"rendered":"Copter"},"content":{"rendered":"<p>Multicopter, f\u00fcr uns ein spannendes Feld f\u00fcr au\u00dfergew\u00f6hnliche Flugerlebnisse und Experimente.<\/p>\n<p>Die Entwicklung der Sensor- und Regelungstechnik hat die Entwicklung kleiner, leichter und sehr effektiver Flugsysteme m\u00f6glich gemacht. Auf dem Markt sind inzwischen fertige, preiswerte Copter zu erwerben, die direkt nach Erwerb ohne weitere Arbeiten geflogen werden k\u00f6nnen. Diese bieten sich zum Einstieg an, um mit uns in unserer Sporthalle begeistert diverse Flugman\u00f6ver zu \u00fcben.<\/p>\n<p>Als Steigerung gibt es die M\u00f6glichkeit, mit Videoausr\u00fcstung quasi onboard mitzufliegen. Sowohl in der Sporthalle aus auch auf unserem Fluggel\u00e4nde fliegen wir gemeinsam und befinden uns virtuell w\u00e4hrend des Flugs in der Luft. Ein unbeschreibliches Erlebnis, man muss es probieren.<\/p>\nngg_shortcode_0_placeholder\n<p>Auch selber bauen kann man Copter. Hier gibt es unz\u00e4hlige M\u00f6glichkeiten f\u00fcr Technikbegeisterte, und die, die es werden wollen. Vom Bau der tragenden Konstruktion, Auswahl von Motoren, Propellern, Reglern, Sensoren, Steuerungscomputer bis zur wenn gew\u00fcnscht weitergehenden Programmierung der open Source \u2013 Software. Alles ist hier denkbar. Sowohl von Hand gesteuerte Copter, die teilweise bei Wettbewerben eingesetzt werden, als auch autonome Roboterdrohnen sind Gebiete, mit denen wir uns besch\u00e4ftigen.<\/p>\n<p>Um selber einmal Copter zu fliegen, nehmen sie unser <a href=\"http:\/\/muenster.org\/mfk-ms\/wordpress\/copter-hautnah\/\">Copter-hautnah<\/a> Angebot war.<\/p>\n<p>&nbsp;<\/p>\n<p>&nbsp;<\/p>\n","protected":false},"excerpt":{"rendered":"<p>Multicopter, f\u00fcr uns ein spannendes Feld f\u00fcr au\u00dfergew\u00f6hnliche Flugerlebnisse und Experimente. Die Entwicklung der Sensor- und Regelungstechnik hat die Entwicklung[&#8230;]<\/p>\n","protected":false},"author":2,"featured_media":0,"parent":34,"menu_order":0,"comment_status":"closed","ping_status":"closed","template":"","meta":{"ngg_post_thumbnail":0,"footnotes":""},"class_list":["post-45","page","type-page","status-publish","hentry"],"_links":{"self":[{"href":"http:\/\/muenster.org\/mfk-ms\/index.php?rest_route=\/wp\/v2\/pages\/45"}],"collection":[{"href":"http:\/\/muenster.org\/mfk-ms\/index.php?rest_route=\/wp\/v2\/pages"}],"about":[{"href":"http:\/\/muenster.org\/mfk-ms\/index.php?rest_route=\/wp\/v2\/types\/page"}],"author":[{"embeddable":true,"href":"http:\/\/muenster.org\/mfk-ms\/index.php?rest_route=\/wp\/v2\/users\/2"}],"replies":[{"embeddable":true,"href":"http:\/\/muenster.org\/mfk-ms\/index.php?rest_route=%2Fwp%2Fv2%2Fcomments&post=45"}],"version-history":[{"count":8,"href":"http:\/\/muenster.org\/mfk-ms\/index.php?rest_route=\/wp\/v2\/pages\/45\/revisions"}],"predecessor-version":[{"id":337,"href":"http:\/\/muenster.org\/mfk-ms\/index.php?rest_route=\/wp\/v2\/pages\/45\/revisions\/337"}],"up":[{"embeddable":true,"href":"http:\/\/muenster.org\/mfk-ms\/index.php?rest_route=\/wp\/v2\/pages\/34"}],"wp:attachment":[{"href":"http:\/\/muenster.org\/mfk-ms\/index.php?rest_route=%2Fwp%2Fv2%2Fmedia&parent=45"}],"curies":[{"name":"wp","href":"https:\/\/api.w.org\/{rel}","templated":true}]}}