{"id":778,"date":"2024-02-22T18:28:29","date_gmt":"2024-02-22T17:28:29","guid":{"rendered":"https:\/\/muenster.org\/FrauenchorChorisma\/?page_id=778"},"modified":"2025-12-02T17:15:28","modified_gmt":"2025-12-02T16:15:28","slug":"proben","status":"publish","type":"page","link":"https:\/\/muenster.org\/FrauenchorChorisma\/termine\/proben\/","title":{"rendered":"Proben"},"content":{"rendered":"\n<p>F\u00fcr unsere Proben treffen wir uns:<\/p>\n\n\n\n<ul class=\"wp-block-list\">\n<li>jeden Dienstag (au\u00dfer in den Ferien)<\/li>\n\n\n\n<li>von 19:30 \u2013 21:00 Uhr<\/li>\n\n\n\n<li>im Probenraum der Stadthalle Hiltrup<\/li>\n<\/ul>\n\n\n\n<p>Interessierte S\u00e4ngerinnen sind herzlich willkommen, gerne mit Voranmeldung: <a href=\"https:\/\/muenster.org\/FrauenchorChorisma\/kontakt\/\" data-type=\"page\" data-id=\"673\">Kontakt<\/a><\/p>\n\n\n\n<p>Einzige Voraussetzung: bringt Spa\u00df am gemeinsamen Singen mit!<\/p>\n\n\n\n<p><strong>N\u00e4chste Termine:<\/strong><\/p>\n\n\n<div class='mc-event-list-container'><ul id='upcoming-events-358e6b4e7e49bae532b91c0aaf6d75bd' class='mc-event-list upcoming-events list-events'>\n<li class=\"mc-mc_upcoming_270 upcoming-event mc_probe mc_stadthalle-hiltrup  future-event mc_primary_probe recurring mc-2-stunden mc-start-19-30 mc-group-27 mc-event-27 mc-events mc_rel_probe\"><span class='mc_db'>14. April 2026<\/span>, <span class='mc_tb'>19:30<\/span> <span>&ndash;<\/span> <span class='mc_te'>21:00<\/span><\/li>\n\n<li class=\"mc-mc_upcoming_271 upcoming-event mc_probe mc_stadthalle-hiltrup  future-event mc_primary_probe recurring mc-2-stunden mc-start-19-30 mc-group-27 mc-event-27 mc-events mc_rel_probe\"><span class='mc_db'>21. April 2026<\/span>, <span class='mc_tb'>19:30<\/span> <span>&ndash;<\/span> <span class='mc_te'>21:00<\/span><\/li>\n\n<li class=\"mc-mc_upcoming_272 upcoming-event mc_probe mc_stadthalle-hiltrup  future-event mc_primary_probe recurring mc-2-stunden mc-start-19-30 mc-group-27 mc-event-27 mc-events mc_rel_probe\"><span class='mc_db'>28. April 2026<\/span>, <span class='mc_tb'>19:30<\/span> <span>&ndash;<\/span> <span class='mc_te'>21:00<\/span><\/li>\n\n<li class=\"mc-mc_upcoming_273 upcoming-event mc_probe mc_stadthalle-hiltrup  future-event mc_primary_probe recurring mc-2-stunden mc-start-19-30 mc-group-27 mc-event-27 mc-events mc_rel_probe\"><span class='mc_db'>5. Mai 2026<\/span>, <span class='mc_tb'>19:30<\/span> <span>&ndash;<\/span> <span class='mc_te'>21:00<\/span><\/li>\n<\/ul><\/div>\n\n\n\n<p><a href=\"https:\/\/muenster.org\/FrauenchorChorisma\/termine\/\" data-type=\"page\" data-id=\"15\">Alle Termine<\/a><\/p>\n\n\n\n<figure class=\"wp-block-image size-large\"><img loading=\"lazy\" decoding=\"async\" width=\"1024\" height=\"768\" src=\"https:\/\/muenster.org\/FrauenchorChorisma\/wp-content\/uploads\/2025\/12\/IMG_20250309_131513296-1024x768.jpg\" alt=\"\" class=\"wp-image-1025\" srcset=\"https:\/\/muenster.org\/FrauenchorChorisma\/wp-content\/uploads\/2025\/12\/IMG_20250309_131513296-1024x768.jpg 1024w, https:\/\/muenster.org\/FrauenchorChorisma\/wp-content\/uploads\/2025\/12\/IMG_20250309_131513296-300x225.jpg 300w, https:\/\/muenster.org\/FrauenchorChorisma\/wp-content\/uploads\/2025\/12\/IMG_20250309_131513296-768x576.jpg 768w, https:\/\/muenster.org\/FrauenchorChorisma\/wp-content\/uploads\/2025\/12\/IMG_20250309_131513296-1536x1152.jpg 1536w, https:\/\/muenster.org\/FrauenchorChorisma\/wp-content\/uploads\/2025\/12\/IMG_20250309_131513296-2048x1536.jpg 2048w\" sizes=\"auto, (max-width: 1024px) 100vw, 1024px\" \/><\/figure>\n","protected":false},"excerpt":{"rendered":"<p>F\u00fcr unsere Proben treffen wir uns: Interessierte S\u00e4ngerinnen sind herzlich willkommen, gerne mit Voranmeldung: Kontakt Einzige Voraussetzung: bringt Spa\u00df am gemeinsamen Singen mit! N\u00e4chste Termine: Alle Termine<\/p>\n","protected":false},"author":1,"featured_media":0,"parent":15,"menu_order":0,"comment_status":"closed","ping_status":"closed","template":"","meta":{"ngg_post_thumbnail":0,"_mc_calendar":[],"footnotes":""},"class_list":["post-778","page","type-page","status-publish","hentry"],"_links":{"self":[{"href":"https:\/\/muenster.org\/FrauenchorChorisma\/wp-json\/wp\/v2\/pages\/778","targetHints":{"allow":["GET"]}}],"collection":[{"href":"https:\/\/muenster.org\/FrauenchorChorisma\/wp-json\/wp\/v2\/pages"}],"about":[{"href":"https:\/\/muenster.org\/FrauenchorChorisma\/wp-json\/wp\/v2\/types\/page"}],"author":[{"embeddable":true,"href":"https:\/\/muenster.org\/FrauenchorChorisma\/wp-json\/wp\/v2\/users\/1"}],"replies":[{"embeddable":true,"href":"https:\/\/muenster.org\/FrauenchorChorisma\/wp-json\/wp\/v2\/comments?post=778"}],"version-history":[{"count":12,"href":"https:\/\/muenster.org\/FrauenchorChorisma\/wp-json\/wp\/v2\/pages\/778\/revisions"}],"predecessor-version":[{"id":1026,"href":"https:\/\/muenster.org\/FrauenchorChorisma\/wp-json\/wp\/v2\/pages\/778\/revisions\/1026"}],"up":[{"embeddable":true,"href":"https:\/\/muenster.org\/FrauenchorChorisma\/wp-json\/wp\/v2\/pages\/15"}],"wp:attachment":[{"href":"https:\/\/muenster.org\/FrauenchorChorisma\/wp-json\/wp\/v2\/media?parent=778"}],"curies":[{"name":"wp","href":"https:\/\/api.w.org\/{rel}","templated":true}]}}