{"id":2344,"date":"2014-12-27T20:02:43","date_gmt":"2014-12-27T18:02:43","guid":{"rendered":"https:\/\/muenster.org\/afrika-checken\/?page_id=2344"},"modified":"2026-04-15T16:01:27","modified_gmt":"2026-04-15T14:01:27","slug":"teil-3-2014","status":"publish","type":"page","link":"https:\/\/muenster.org\/afrika-checken\/?page_id=2344","title":{"rendered":"Teil III"},"content":{"rendered":"\n<h3 class=\"wp-block-heading has-text-align-center\" style=\"font-size:14px\"><strong>Global Heroes &#8211; <span style=\"color: #000000;\">Musik als politische Waffe<\/span><\/strong><\/h3>\n\n\n\n<p style=\"font-size:14px\">&#8222;Get up, stand up! Stand up for your rights&#8220;: Im letzten Teil der interkulturellen Bildungsarbeit drehte sich alles um Musik, Protest und Widerstand. Am Beispiel von sechs Ausnahmemusikern aus Afrika, S\u00fcdamerika und der Karibik erfuhren die teilnehmenden Jugendlichen aus der Jahrgangsstufe 11 viel \u00fcber die Macht und Bedeutung von Musik im Kampf gegen politische und gesellschaftliche Missst\u00e4nde.<\/p>\n\n\n\n<p style=\"font-size:14px\">Im f\u00e4cher\u00fcbergreifenden Unterricht (Musik\/Kunst) gestalteten die Sch\u00fclerinnen und Sch\u00fcler des Kunstgrundkurses der Jahrgangsstufe 11 die k\u00fcnstlerischen Portr\u00e4ts von sechs Ausnahmemusikern (Collagen 80&#215;100 cm).&nbsp;Jeder der bedeutenden K\u00fcnstler verk\u00f6rpert eine Musikrichtung, die er nicht nur entscheidend gepr\u00e4gt, sondern auch weltweit bekannt gemacht hat. Einige von ihnen sind bis heute politisch aktiv.<\/p>\n\n\n\n<p style=\"font-size:14px\"><strong>Bonga Kuenda aus Angola<\/strong> <strong>(* 1942)<\/strong><br>Musikstil: Semba,Kizomba<\/p>\n\n\n\n<p style=\"font-size:14px\"><strong>Gilberto Gil aus Brasilien (* 1942)<\/strong><br>Musikstil: Tropicalismo, M\u00fasica Popular Brasileira<\/p>\n\n\n\n<p style=\"font-size:14px\"><strong>Fela Kuti aus Nigeria (* 1938, \u2020 1997)<\/strong><br>Musikstil: Afrobeat<\/p>\n\n\n\n<p style=\"font-size:14px\"><strong>Bob Marley aus Jamaika (* 1945, \u2020 1981)<\/strong><br>Musikstil: Reggae<\/p>\n\n\n\n<p style=\"font-size:14px\"><strong>Thomas Mapfumo aus Simbabwe (* 1945)<\/strong><br>Musikstil: Chimurenga<\/p>\n\n\n\n<p style=\"font-size:14px\"><strong>Mighty Sparrow aus Trinidad<\/strong> <strong>(* 1935 auf Grenada)<\/strong><br>Musikstil: Calypso<\/p>\n\n\n\n<p style=\"font-size:14px\">Die Idee und Projektleitung zum f\u00e4cher\u00fcbergreifenden Projektuntericht hatte auch diesmal die Ethnologin Marita Samson. Die Kunstlehrerin Stephanie Daume, Kunststudentin Anna Urspruch und Musiklehrerin Anette Render leisteten ihr tatkr\u00e4ftige Unterst\u00fctzung. Gro\u00dfartige Unterst\u00fctzung gab es auch von den Referenten und  Musikern <strong>Norbert Mombo<\/strong>\u00a0 aus der Republik Kongo (professioneller Trommler), <strong>Carl Trowers<\/strong> aus Jamaika (Bandleader, S\u00e4nger, K\u00fcnstlername &#8222;Carl Teh&#8220;) und <strong>Reinald D\u00f6bel<\/strong> aus Deutschland (passionierter Kalimba-\/ Mbiraspieler).<\/p>\n\n\n\n<figure class=\"wp-block-image size-full\"><a href=\"https:\/\/muenster.org\/afrika-checken\/wp-content\/uploads\/2025\/03\/Praesentation-2015-Gruppe-1-1.jpg\"><img loading=\"lazy\" decoding=\"async\" width=\"862\" height=\"338\" src=\"https:\/\/muenster.org\/afrika-checken\/wp-content\/uploads\/2025\/03\/Praesentation-2015-Gruppe-1-1.jpg\" alt=\"\" class=\"wp-image-7708\" srcset=\"https:\/\/muenster.org\/afrika-checken\/wp-content\/uploads\/2025\/03\/Praesentation-2015-Gruppe-1-1.jpg 862w, https:\/\/muenster.org\/afrika-checken\/wp-content\/uploads\/2025\/03\/Praesentation-2015-Gruppe-1-1-300x118.jpg 300w, https:\/\/muenster.org\/afrika-checken\/wp-content\/uploads\/2025\/03\/Praesentation-2015-Gruppe-1-1-768x301.jpg 768w\" sizes=\"auto, (max-width: 862px) 100vw, 862px\" \/><\/a><figcaption class=\"wp-element-caption\">Westf\u00e4lische Nachrichten, Kathrin Hartz (12.02.2015) <\/figcaption><\/figure>\n\n\n\n<p><\/p>\n\n\n\n<p class=\"has-black-color has-text-color has-link-color wp-elements-fc819d97b27607d01e28c2b41a68fed5\" style=\"font-size:14px\"><\/p>\n\n\n\n<p class=\"has-black-color has-text-color has-link-color wp-elements-fc819d97b27607d01e28c2b41a68fed5\" style=\"font-size:14px\"><\/p>\n\n\n\n<p><\/p>\n\n\n\n<p class=\"has-black-color has-text-color has-link-color wp-elements-64e370183540bafc31f21dbc2f20c8e4\" style=\"font-size:14px\"><\/p>\n\n\n\n<p class=\"has-black-color has-text-color has-link-color wp-elements-64e370183540bafc31f21dbc2f20c8e4\" style=\"font-size:14px\"><\/p>\n\n\n\n<p><\/p>\n\n\n\n<p>Das Projekt wurde in Kooperation mit der Volkshochschule M\u00fcnster, gef\u00f6rdert durch dvv international und mit finanzieller Unterst\u00fctzung des BMZ durchgef\u00fchrt.<\/p>\n\n\n<div class=\"wp-block-image\">\n<figure class=\"alignleft\"><img loading=\"lazy\" decoding=\"async\" width=\"150\" height=\"150\" src=\"https:\/\/muenster.org\/afrika-checken\/wp-content\/uploads\/2011\/10\/dvv_logo_ohne-Strich_bunt-150x150.jpg\" alt=\"\" class=\"wp-image-1285\" title=\"dvv_logo_ohne-Strich_bunt\"\/><\/figure>\n<\/div>\n\n\n<p style=\"font-size:13px\"><\/p>\n\n\n<div class=\"wp-block-image\">\n<figure class=\"alignright\"><a href=\"https:\/\/muenster.org\/afrika-checken\/wp-content\/uploads\/2011\/10\/bmz-klien.jpg\"><img loading=\"lazy\" decoding=\"async\" width=\"150\" height=\"66\" src=\"https:\/\/muenster.org\/afrika-checken\/wp-content\/uploads\/2011\/10\/bmz-klien.jpg\" alt=\"\" class=\"wp-image-1287\" title=\"bmz klien\"\/><\/a><\/figure>\n<\/div>\n\n\n<p><\/p>\n","protected":false},"excerpt":{"rendered":"<p>Global Heroes &#8211; Musik als politische Waffe &#8222;Get up, stand up! Stand up for your rights&#8220;: Im letzten Teil der interkulturellen Bildungsarbeit drehte sich alles um Musik, Protest und Widerstand. Am Beispiel von sechs Ausnahmemusikern aus Afrika, S\u00fcdamerika und der Karibik erfuhren die teilnehmenden Jugendlichen aus der Jahrgangsstufe 11 viel \u00fcber die Macht und Bedeutung [&hellip;]<\/p>\n","protected":false},"author":4,"featured_media":0,"parent":0,"menu_order":13,"comment_status":"closed","ping_status":"closed","template":"","meta":{"footnotes":""},"class_list":["post-2344","page","type-page","status-publish","hentry"],"_links":{"self":[{"href":"https:\/\/muenster.org\/afrika-checken\/index.php?rest_route=\/wp\/v2\/pages\/2344","targetHints":{"allow":["GET"]}}],"collection":[{"href":"https:\/\/muenster.org\/afrika-checken\/index.php?rest_route=\/wp\/v2\/pages"}],"about":[{"href":"https:\/\/muenster.org\/afrika-checken\/index.php?rest_route=\/wp\/v2\/types\/page"}],"author":[{"embeddable":true,"href":"https:\/\/muenster.org\/afrika-checken\/index.php?rest_route=\/wp\/v2\/users\/4"}],"replies":[{"embeddable":true,"href":"https:\/\/muenster.org\/afrika-checken\/index.php?rest_route=%2Fwp%2Fv2%2Fcomments&post=2344"}],"version-history":[{"count":186,"href":"https:\/\/muenster.org\/afrika-checken\/index.php?rest_route=\/wp\/v2\/pages\/2344\/revisions"}],"predecessor-version":[{"id":9075,"href":"https:\/\/muenster.org\/afrika-checken\/index.php?rest_route=\/wp\/v2\/pages\/2344\/revisions\/9075"}],"wp:attachment":[{"href":"https:\/\/muenster.org\/afrika-checken\/index.php?rest_route=%2Fwp%2Fv2%2Fmedia&parent=2344"}],"curies":[{"name":"wp","href":"https:\/\/api.w.org\/{rel}","templated":true}]}}