{"id":1605,"date":"2018-05-27T11:06:11","date_gmt":"2018-05-27T09:06:11","guid":{"rendered":"http:\/\/muenster.org\/eichendorffschule\/?page_id=1605"},"modified":"2022-02-03T08:32:21","modified_gmt":"2022-02-03T07:32:21","slug":"datenschutzerklaerung","status":"publish","type":"page","link":"https:\/\/muenster.org\/eichendorffschule\/datenschutzerklaerung\/","title":{"rendered":"Datenschutzerkl\u00e4rung"},"content":{"rendered":"\n<h2 class=\"wp-block-heading\" id=\"1-datenschutz-auf-einen-blick\">1. Datenschutz auf einen Blick<\/h2>\n\n\n\n<h3 class=\"wp-block-heading\" id=\"allgemeine-hinweise\">Allgemeine Hinweise<\/h3>\n\n\n\n<p>Die folgenden Hinweise geben einen einfachen U\u0308berblick daru\u0308ber, was mit Ihren personenbezogenen Daten passiert, wenn Sie diese Website besuchen. Personenbezogene Daten sind alle Daten, mit denen Sie perso\u0308nlich identifiziert werden ko\u0308nnen. Ausfu\u0308hrliche Informationen zum Thema Datenschutz entnehmen Sie unserer unter diesem Text aufgefu\u0308hrten Datenschutzerkla\u0308rung.<\/p>\n\n\n\n<h3 class=\"wp-block-heading\" id=\"datenerfassung-auf-dieser-website\">Datenerfassung auf dieser Website<\/h3>\n\n\n\n<h4 class=\"wp-block-heading\" id=\"wer-ist-verantwortlich-fur-die-datenerfassung-auf-dieser-website\"><strong>Wer ist verantwortlich fu\u0308r die Datenerfassung auf dieser Website?<\/strong><\/h4>\n\n\n\n<p>Die Datenverarbeitung auf dieser Website erfolgt durch den Website-Betreiber. Dessen Kontaktdaten ko\u0308nnen Sie dem Impressum dieser Website entnehmen.<\/p>\n\n\n\n<h4 class=\"wp-block-heading\" id=\"wie-erfassen-wir-ihre-daten\"><strong>Wie erfassen wir Ihre Daten?<\/strong><\/h4>\n\n\n\n<p>Ihre Daten werden zum einen dadurch erhoben, dass Sie uns diese mitteilen. Hierbei kann es sich z.B. um Daten handeln, die Sie in ein Kontaktformular eingeben.<\/p>\n\n\n\n<p>Wenn Sie das Formular zur Krankmeldung Ihres Kindes ausf\u00fcllen, teilen Sie uns freiwillig Daten mit, die Sie pers\u00f6nlich identifizieren: Ihr Name und der Name Ihres Kindes und Ihre E-Mail-Adresse.<\/p>\n\n\n\n<p>Wenn Sie das Formular der Online-Beitrittserkl\u00e4rung in den <strong>Verein der F\u00f6rderer der Eichendorffschule Angelmodde e. V. (kurz: F\u00f6rderverein)<\/strong> ausf\u00fcllen, teilen Sie uns freiwillig Daten mit, die Sie pers\u00f6nlich identifizieren: Name, Anschrift, E-Mail-Adresse, Geburtsdatum und Ihre Bankverbindung.<\/p>\n\n\n\n<p>Andere Daten werden automatisch oder nach Ihrer Einwilligung beim Besuch der Website durch unsere IT- Systeme erfasst. Das sind vor allem technische Daten (z. B. Internetbrowser, Betriebssystem oder Uhrzeit des Seitenaufrufs). Die Erfassung dieser Daten erfolgt automatisch, sobald Sie diese Website betreten.<\/p>\n\n\n\n<h4 class=\"wp-block-heading\" id=\"wofur-nutzen-wir-ihre-daten\"><strong>Wofu\u0308r nutzen wir Ihre Daten?<\/strong><\/h4>\n\n\n\n<p>Ein Teil der Daten wird erhoben, um eine fehlerfreie Bereitstellung der Website zu gewa\u0308hrleisten. Die Angabe personenbezogenen Daten ist freiwillig, kann aber notwendig sein, um Ihr Kind krankzumelden oder dem F\u00f6rderverein beizutreten. Andere Daten ko\u0308nnen (anonymisiert) zur Analyse Ihres Nutzerverhaltens verwendet werden.<\/p>\n\n\n\n<h4 class=\"wp-block-heading\" id=\"welche-rechte-haben-sie-bezuglich-ihrer-daten\"><strong>Welche Rechte haben Sie bezu\u0308glich Ihrer Daten?<\/strong><\/h4>\n\n\n\n<p>Sie haben jederzeit das Recht, unentgeltlich Auskunft u\u0308ber Herkunft, Empfa\u0308nger und Zweck Ihrer gespeicherten personenbezogenen Daten zu erhalten. Sie haben au\u00dferdem ein Recht, die Berichtigung oder Lo\u0308schung dieser Daten zu verlangen. Wenn Sie eine Einwilligung zur Datenverarbeitung erteilt haben, ko\u0308nnen Sie diese Einwilligung jederzeit fu\u0308r die Zukunft widerrufen. Au\u00dferdem haben Sie das Recht, unter bestimmten Umsta\u0308nden die Einschra\u0308nkung der Verarbeitung Ihrer personenbezogenen Daten zu verlangen. Des Weiteren steht Ihnen ein Beschwerderecht bei der zusta\u0308ndigen Aufsichtsbeho\u0308rde zu.<\/p>\n\n\n\n<p>Hierzu sowie zu weiteren Fragen zum Thema Datenschutz ko\u0308nnen Sie sich jederzeit unter der im Impressum angegebenen Adresse an uns wenden.<\/p>\n\n\n\n<h3 class=\"wp-block-heading\" id=\"analyse-tools-und-tools-von-drittanbietern\">Analyse-Tools und Tools von Drittanbietern<\/h3>\n\n\n\n<p>Beim Besuch dieser Website kann Ihr Surf-Verhalten statistisch ausgewertet werden. Das geschieht mit sogenannten Analyseprogrammen. Detaillierte Informationen zu diesen Analyseprogrammen finden Sie in der folgenden Datenschutzerkla\u0308rung.<\/p>\n\n\n\n<h2 class=\"wp-block-heading\" id=\"2-hosting-und-content-delivery-networks-cdn\">2. Hosting und Content Delivery Networks (CDN)<\/h2>\n\n\n\n<h3 class=\"wp-block-heading\" id=\"externes-hosting\">Externes Hosting<\/h3>\n\n\n\n<p>Diese Website wird bei einem externen Dienstleister gehostet (Hoster). Die personenbezogenen Daten, die auf dieser Website erfasst werden, werden auf den Servern des Hosters gespeichert. Hierbei kann es sich v. a. um IP-Adressen, Kontaktanfragen, Meta- und Kommunikationsdaten, Vertragsdaten, Kontaktdaten, Namen, Website-Zugriffe und sonstige Daten, die u\u0308ber eine Website generiert werden, handeln.\nDer Einsatz des Hosters erfolgt zum Zwecke der Vertragserfu\u0308llung gegenu\u0308ber unseren potenziellen und bestehenden Kunden (Art. 6 Abs. 1 lit. b DSGVO) und im Interesse einer sicheren, schnellen und effizienten Bereitstellung unseres Online-Angebots durch einen professionellen Anbieter (Art. 6 Abs. 1 lit. f DSGVO).\nUnser Hoster wird Ihre Daten nur insoweit verarbeiten, wie dies zur Erfu\u0308llung seiner Leistungspflichten erforderlich ist und unsere Weisungen in Bezug auf diese Daten befolgen.<\/p>\n\n\n\n<h4 class=\"wp-block-heading\" id=\"abschluss-eines-vertrages-uber-auftragsverarbeitung\">Abschluss eines Vertrages u\u0308ber Auftragsverarbeitung<\/h4>\n\n\n\n<p>Um die datenschutzkonforme Verarbeitung zu gewa\u0308hrleisten, haben wir einen Vertrag u\u0308ber Auftragsverarbeitung mit unserem Hoster geschlossen.<\/p>\n\n\n\n<h2 class=\"wp-block-heading\" id=\"3-allgemeine-hinweise-und-pflichtinformationen\">3. Allgemeine Hinweise und Pflichtinformationen<\/h2>\n\n\n\n<h3 class=\"wp-block-heading\" id=\"datenschutz\">Datenschutz<\/h3>\n\n\n\n<p>Die Betreiber dieser Seiten nehmen den Schutz Ihrer perso\u0308nlichen Daten sehr ernst. Wir behandeln Ihre personenbezogenen Daten vertraulich und entsprechend der gesetzlichen Datenschutzvorschriften sowie dieser Datenschutzerkla\u0308rung.\nWenn Sie diese Website benutzen, werden verschiedene personenbezogene Daten erhoben. Personenbezogene Daten sind Daten, mit denen Sie perso\u0308nlich identifiziert werden ko\u0308nnen. Die vorliegende Datenschutzerkla\u0308rung erla\u0308utert, welche Daten wir erheben und wofu\u0308r wir sie nutzen. Sie erla\u0308utert auch, wie und zu welchem Zweck das geschieht.\nWir weisen darauf hin, dass die Datenu\u0308bertragung im Internet (z. B. bei der Kommunikation per E-Mail) Sicherheitslu\u0308cken aufweisen kann. Ein lu\u0308ckenloser Schutz der Daten vor dem Zugriff durch Dritte ist nicht mo\u0308glich.<\/p>\n\n\n\n<h3 class=\"wp-block-heading\" id=\"hinweis-zur-verantwortlichen-stelle\">Hinweis zur verantwortlichen Stelle<\/h3>\n\n\n\n<p>Die verantwortliche Stelle fu\u0308r die Datenverarbeitung auf dieser Website ist:<\/p>\n\n\n\n<p>Eichendorffschule Angelmodde<br>vertreten durch Frau Helga Runge<br>Eichendorffstra\u00dfe 36<br>48167 M\u00fcnster<\/p>\n\n\n\n<p>E-Mail: eichendorffschule(ett)stadt-muenster.de<br>Telefon: +49 251\/276021-0<\/p>\n\n\n\n<p>Verantwortliche Stelle ist die natu\u0308rliche oder juristische Person, die allein oder gemeinsam mit anderen u\u0308ber die Zwecke und Mittel der Verarbeitung von personenbezogenen Daten (z. B. Namen, E-Mail-Adressen o. A\u0308.) entscheidet.<\/p>\n\n\n\n<h3 class=\"wp-block-heading\" id=\"widerruf-ihrer-einwilligung-zur-datenverarbeitung\">Widerruf Ihrer Einwilligung zur Datenverarbeitung<\/h3>\n\n\n\n<p>Viele Datenverarbeitungsvorga\u0308nge sind nur mit Ihrer ausdru\u0308cklichen Einwilligung mo\u0308glich. Sie ko\u0308nnen eine bereits erteilte Einwilligung jederzeit widerrufen. Dazu reicht eine formlose Mitteilung per E-Mail an uns. Die Rechtma\u0308\u00dfigkeit der bis zum Widerruf erfolgten Datenverarbeitung bleibt vom Widerruf unberu\u0308hrt.<\/p>\n\n\n\n<h3 class=\"wp-block-heading\" id=\"widerspruchsrecht-gegen-die-datenerhebung-in-besonderen-fallen-sowie-gegen-direktwerbung-art-21-dsgvo\">Widerspruchsrecht gegen die Datenerhebung in besonderen Fa\u0308llen sowie gegen Direktwerbung (Art. 21 DSGVO)<\/h3>\n\n\n\n<p>Wenn die Datenverarbeitung auf Grundlage von Art. 6 Abs. 1 Lit. e oder f DSGVO erfolgt, haben Sie jederzeit das Recht, aus Gr\u00fcnden, die sich aus Ihrer besonderen Situation ergeben, gegen die Verarbeitung Ihrer personenbezogenen Daten Widerspruch einzulegen; Dies gilt auch f\u00fcr ein auf diese Bestimmungen gest\u00fctztes Profiling. Die jeweilige Rechtsgrundlage, auf denen eine Verarbeitung beruht, entnehmen Sie dieser Datenschutzerkl\u00e4rung. Wenn Sie Widerspruch einlegen, werden wir Ihre betroffenen personenbezogenen Daten nicht mehr verarbeiten, es sei denn, wir k\u00f6nnen zwingende schutzw\u00fcrdige Gr\u00fcnde f\u00fcr die Verarbeitung nachweisen, die ihre Interessen, Rechte und Freiheiten \u00fcberwiegen oder die Verarbeitung dient der Geltendmachung, Aus\u00fcbung oder Verteidigung von Rechtsanspr\u00fcchen (Widerspruch nach Art. 21 Abs. 1 DSGVO).<\/p>\n\n\n\n<p>Werden Ihre personenbezogenen Daten verarbeitet, um Direktwerbung zu betreiben, so haben Sie das recht, jederzeit Widerspruch gegen die Verarbeitung Sie betreffender personenbezogener Daten zum Zwecke derartiger Werbung einzulegen; Dies gilt auch f\u00fcr das Profiling, soweit es mit solcher Direktwerbung in Verbindung steht. Wenn Sie widersprechen, werden Ihre personenbezogenen Daten anschliessend nicht mehr zum Zwecke der Direktwerbung verwendet (Widerspruch nach Art. 21 Abs. 2 DSGVO).<\/p>\n\n\n\n<h3 class=\"wp-block-heading\" id=\"beschwerderecht-bei-der-zustandigen-aufsichtsbehorde\">Beschwerderecht bei der zusta\u0308ndigen Aufsichtsbeho\u0308rde<\/h3>\n\n\n\n<p>Im Falle von Versto\u0308\u00dfen gegen die DSGVO steht den Betroffenen ein Beschwerderecht bei einer Aufsichtsbeho\u0308rde, insbesondere in dem Mitgliedstaat ihres gewo\u0308hnlichen Aufenthalts, ihres Arbeitsplatzes oder des Orts des mutma\u00dflichen Versto\u00dfes zu. Das Beschwerderecht besteht unbeschadet anderweitiger verwaltungsrechtlicher oder gerichtlicher Rechtsbehelfe.<\/p>\n\n\n\n<h3 class=\"wp-block-heading\" id=\"recht-auf-datenubertragbarkeit\">Recht auf Datenu\u0308bertragbarkeit<\/h3>\n\n\n\n<p>Sie haben das Recht, Daten, die wir auf Grundlage Ihrer Einwilligung oder in Erfu\u0308llung eines Vertrags automatisiert verarbeiten, an sich oder an einen Dritten in einem ga\u0308ngigen, maschinenlesbaren Format ausha\u0308ndigen zu lassen. Sofern Sie die direkte U\u0308bertragung der Daten an einen anderen Verantwortlichen verlangen, erfolgt dies nur, soweit es technisch machbar ist.<\/p>\n\n\n\n<h3 class=\"wp-block-heading\" id=\"ssl-bzw-tls-verschlusselung\">SSL- bzw. TLS-Verschlu\u0308sselung<\/h3>\n\n\n\n<p>Diese Seite nutzt aus Sicherheitsgru\u0308nden und zum Schutz der U\u0308bertragung vertraulicher Inhalte, wie zum Beispiel Bestellungen oder Anfragen, die Sie an uns als Seitenbetreiber senden, eine SSL- bzw. TLS- Verschlu\u0308sselung. Eine verschlu\u0308sselte Verbindung erkennen Sie daran, dass die Adresszeile des Browsers von \u201ehttp:\/\/\u201c auf \u201ehttps:\/\/\u201c wechselt und an dem Schloss-Symbol in Ihrer Browserzeile.\nWenn die SSL- bzw. TLS-Verschlu\u0308sselung aktiviert ist, ko\u0308nnen die Daten, die Sie an uns u\u0308bermitteln, nicht von Dritten mitgelesen werden.<\/p>\n\n\n\n<h3 class=\"wp-block-heading\" id=\"auskunft-loschung-und-berichtigung\">Auskunft, Lo\u0308schung und Berichtigung<\/h3>\n\n\n\n<p>Sie haben im Rahmen der geltenden gesetzlichen Bestimmungen jederzeit das Recht auf unentgeltliche Auskunft u\u0308ber Ihre gespeicherten personenbezogenen Daten, deren Herkunft und Empfa\u0308nger und den Zweck der Datenverarbeitung und ggf. ein Recht auf Berichtigung oder Lo\u0308schung dieser Daten. Hierzu sowie zu weiteren Fragen zum Thema personenbezogene Daten ko\u0308nnen Sie sich jederzeit unter der im Impressum angegebenen Adresse an uns wenden.<\/p>\n\n\n\n<h3 class=\"wp-block-heading\" id=\"recht-auf-einschrankung-der-verarbeitung\">Recht auf Einschra\u0308nkung der Verarbeitung<\/h3>\n\n\n\n<p>Sie haben das Recht, die Einschra\u0308nkung der Verarbeitung Ihrer personenbezogenen Daten zu verlangen. Hierzu ko\u0308nnen Sie sich jederzeit unter der im Impressum angegebenen Adresse an uns wenden. Das Recht auf Einschra\u0308nkung der Verarbeitung besteht in folgenden Fa\u0308llen:<\/p>\n\n\n\n<ul class=\"wp-block-list\"><li>Wenn Sie die Richtigkeit Ihrer bei uns gespeicherten personenbezogenen Daten bestreiten, beno\u0308tigen wir in der Regel Zeit, um dies zu u\u0308berpru\u0308fen. Fu\u0308r die Dauer der Pru\u0308fung haben Sie das Recht, die Einschra\u0308nkung der Verarbeitung Ihrer personenbezogenen Daten zu verlangen.<\/li><li>Wenn die Verarbeitung Ihrer personenbezogenen Daten unrechtma\u0308\u00dfig geschah\/geschieht, ko\u0308nnen Sie statt der Lo\u0308schung die Einschra\u0308nkung der Datenverarbeitung verlangen.<\/li><li>Wenn wir Ihre personenbezogenen Daten nicht mehr beno\u0308tigen, Sie sie jedoch zur Ausu\u0308bung, Verteidigung oder Geltendmachung von Rechtsanspru\u0308chen beno\u0308tigen, haben Sie das Recht, statt der Lo\u0308schung die Einschra\u0308nkung der Verarbeitung Ihrer personenbezogenen Daten zu verlangen.<\/li><li>Wenn Sie einen Widerspruch nach Art. 21 Abs. 1 DSGVO eingelegt haben, muss eine Abwa\u0308gung zwischen Ihren und unseren Interessen vorgenommen werden. Solange noch nicht feststeht, wessen Interessen u\u0308berwiegen, haben Sie das Recht, die Einschra\u0308nkung der Verarbeitung Ihrer personenbezogenen Daten zu verlangen.<\/li><\/ul>\n\n\n\n<p>Wenn Sie die Verarbeitung Ihrer personenbezogenen Daten eingeschra\u0308nkt haben, du\u0308rfen diese Daten \u2013 von ihrer Speicherung abgesehen \u2013 nur mit Ihrer Einwilligung oder zur Geltendmachung, Ausu\u0308bung oder Verteidigung von Rechtsanspru\u0308chen oder zum Schutz der Rechte einer anderen natu\u0308rlichen oder juristischen Person oder aus Gru\u0308nden eines wichtigen o\u0308ffentlichen Interesses der Europa\u0308ischen Union oder eines Mitgliedstaats verarbeitet werden.<\/p>\n\n\n\n<h2 class=\"wp-block-heading\" id=\"4-datenerfassung-auf-dieser-website\">4. Datenerfassung auf dieser Website<\/h2>\n\n\n\n<h3 class=\"wp-block-heading\" id=\"server-log-dateien\">Server-Log-Dateien<\/h3>\n\n\n\n<p>Der Provider der Seiten erhebt und speichert automatisch Informationen in so genannten Server-Log- Dateien, die Ihr Browser automatisch an uns u\u0308bermittelt. Dies sind:<\/p>\n\n\n\n<ul class=\"wp-block-list\"><li>Browsertyp und Browserversion<\/li><li>verwendetes Betriebssystem<\/li><li>Referrer URL<\/li><li>Hostname des zugreifenden Rechners<\/li><li>Uhrzeit der Serveranfrage<\/li><li>IP-Adresse<\/li><\/ul>\n\n\n\n<p>Eine Zusammenfu\u0308hrung dieser Daten mit anderen Datenquellen wird nicht vorgenommen.<\/p>\n\n\n\n<p>Die Erfassung dieser Daten erfolgt auf Grundlage von Art. 6 Abs. 1 lit. f DSGVO. Der Website-Betreiber hat ein berechtigtes Interesse an der technisch fehlerfreien Darstellung und der Optimierung seiner Website \u2013 hierzu mu\u0308ssen die Server-Log-Files erfasst werden.<\/p>\n\n\n\n<h3 class=\"wp-block-heading\" id=\"anfrage-per-e-mail-telefon-oder-telefax\">Anfrage per E-Mail, Telefon oder Telefax<\/h3>\n\n\n\n<p>Wenn Sie uns per E-Mail, Telefon oder Telefax kontaktieren, wird Ihre Anfrage inklusive aller daraus hervorgehenden personenbezogenen Daten (Name, Anfrage) zum Zwecke der Bearbeitung Ihres Anliegens bei uns gespeichert und verarbeitet. Diese Daten geben wir nicht ohne Ihre Einwilligung weiter.<\/p>\n\n\n\n<p>Die Verarbeitung dieser Daten erfolgt auf Grundlage von Art. 6 Abs. 1 lit. b DSGVO, sofern Ihre Anfrage mit der Erfu\u0308llung eines Vertrags zusammenha\u0308ngt oder zur Durchfu\u0308hrung vorvertraglicher Ma\u00dfnahmen erforderlich ist. In allen u\u0308brigen Fa\u0308llen beruht die Verarbeitung auf unserem berechtigten Interesse an der effektiven Bearbeitung der an uns gerichteten Anfragen (Art. 6 Abs. 1 lit. f DSGVO) oder auf Ihrer Einwilligung (Art. 6 Abs. 1 lit. a DSGVO) sofern diese abgefragt wurde. Die von Ihnen an uns per Kontaktanfragen u\u0308bersandten Daten verbleiben bei uns, bis Sie uns zur Lo\u0308schung auffordern, Ihre Einwilligung zur Speicherung widerrufen oder der Zweck fu\u0308r die Datenspeicherung entfa\u0308llt (z. B. nach abgeschlossener Bearbeitung Ihres Anliegens). Zwingende gesetzliche Bestimmungen \u2013 insbesondere gesetzliche Aufbewahrungsfristen \u2013 bleiben unberu\u0308hrt.<\/p>\n\n\n\n<h3 class=\"wp-block-heading\" id=\"online-krankmeldung\">Online-Krankmeldung<\/h3>\n\n\n\n<p>Wenn Sie das Formular zur Krankmeldung Ihres Kindes ausf\u00fcllen, wird Ihre Anfrage inklusive aller daraus hervorgehenden personenbezogenen Daten (Namen und E-Mail-Adresse) zur Zwecke der Bearbeitung Ihres Anliegens bei uns gespeichert und verarbeitet. Diese Daten geben wir nicht weiter.<\/p>\n\n\n\n<h3 class=\"wp-block-heading\" id=\"online-beitrittserklarung-zum-verein-der-forderer-der-eichendorffschule-e-v-kurz-forderverein\">Online-Beitrittserkl\u00e4rung zum Verein der F\u00f6rderer der Eichendorffschule e.V. (kurz: F\u00f6rderverein)<\/h3>\n\n\n\n<p>Wenn Sie das Formular der Online-Beitrittserkl\u00e4rung in den F\u00f6rderverein ausf\u00fcllen, wird Ihre Anfrage inklusive aller daraus hervorgehenden personenbezogenen Daten (Name, Anschrift, E-Mail-Adresse, Geburtsdatum, Bankverbindung) zum Zwecke der Bearbeitung Ihres Anliegens bei uns gespeichert und verarbeitet. Diese Daten geben wir nicht ohne Ihre Einwilligung weiter.<\/p>\n","protected":false},"excerpt":{"rendered":"<p>1. Datenschutz auf einen Blick Allgemeine Hinweise Die folgenden Hinweise geben einen einfachen U\u0308berblick daru\u0308ber, was mit Ihren personenbezogenen Daten passiert, wenn Sie diese Website besuchen. Personenbezogene Daten sind alle Daten, mit denen Sie perso\u0308nlich identifiziert werden ko\u0308nnen. Ausfu\u0308hrliche Informationen zum Thema Datenschutz entnehmen Sie unserer unter diesem Text aufgefu\u0308hrten Datenschutzerkla\u0308rung. Datenerfassung auf dieser Website [&hellip;]<\/p>\n","protected":false},"author":4,"featured_media":0,"parent":0,"menu_order":0,"comment_status":"closed","ping_status":"closed","template":"","meta":{"footnotes":""},"class_list":["post-1605","page","type-page","status-publish","hentry"],"_links":{"self":[{"href":"https:\/\/muenster.org\/eichendorffschule\/wp-json\/wp\/v2\/pages\/1605","targetHints":{"allow":["GET"]}}],"collection":[{"href":"https:\/\/muenster.org\/eichendorffschule\/wp-json\/wp\/v2\/pages"}],"about":[{"href":"https:\/\/muenster.org\/eichendorffschule\/wp-json\/wp\/v2\/types\/page"}],"author":[{"embeddable":true,"href":"https:\/\/muenster.org\/eichendorffschule\/wp-json\/wp\/v2\/users\/4"}],"replies":[{"embeddable":true,"href":"https:\/\/muenster.org\/eichendorffschule\/wp-json\/wp\/v2\/comments?post=1605"}],"version-history":[{"count":4,"href":"https:\/\/muenster.org\/eichendorffschule\/wp-json\/wp\/v2\/pages\/1605\/revisions"}],"predecessor-version":[{"id":4611,"href":"https:\/\/muenster.org\/eichendorffschule\/wp-json\/wp\/v2\/pages\/1605\/revisions\/4611"}],"wp:attachment":[{"href":"https:\/\/muenster.org\/eichendorffschule\/wp-json\/wp\/v2\/media?parent=1605"}],"curies":[{"name":"wp","href":"https:\/\/api.w.org\/{rel}","templated":true}]}}