{"id":11,"date":"2018-04-30T20:02:20","date_gmt":"2018-04-30T18:02:20","guid":{"rendered":"http:\/\/muenster.org\/schanze\/?page_id=11"},"modified":"2024-01-06T11:01:31","modified_gmt":"2024-01-06T10:01:31","slug":"selbstverstaendnis","status":"publish","type":"page","link":"https:\/\/muenster.org\/schanze\/selbstverstaendnis\/","title":{"rendered":"Selbstverst\u00e4ndnis"},"content":{"rendered":"<p>Das Selbstverst\u00e4ndnis der heutigen SCHANZE fu\u00dft auf dem Geist des Austausches, des Arbeitens und Lehrens in verschiedenen Bereichen k\u00fcnstlerischen Schaffens, gegenseitiger Hilfe, aber auch Disput in gestalterischen Fragen sowie der Maxime aus Gr\u00fcndungszeiten des einander Befeuerns hin zu gr\u00f6\u00dferem Ausdruck und gr\u00f6\u00dftm\u00f6glicher Schaffenskraft.<\/p>\n","protected":false},"excerpt":{"rendered":"<p>Das Selbstverst\u00e4ndnis der heutigen SCHANZE fu\u00dft auf dem Geist des Austausches, des Arbeitens und Lehrens in verschiedenen Bereichen k\u00fcnstlerischen Schaffens, gegenseitiger Hilfe, aber auch Disput in gestalterischen Fragen sowie der Maxime aus Gr\u00fcndungszeiten des einander Befeuerns hin zu gr\u00f6\u00dferem Ausdruck und gr\u00f6\u00dftm\u00f6glicher Schaffenskraft.<\/p>\n","protected":false},"author":1,"featured_media":0,"parent":0,"menu_order":0,"comment_status":"closed","ping_status":"closed","template":"","meta":{"ngg_post_thumbnail":0,"footnotes":""},"class_list":["post-11","page","type-page","status-publish","hentry"],"_links":{"self":[{"href":"https:\/\/muenster.org\/schanze\/wp-json\/wp\/v2\/pages\/11","targetHints":{"allow":["GET"]}}],"collection":[{"href":"https:\/\/muenster.org\/schanze\/wp-json\/wp\/v2\/pages"}],"about":[{"href":"https:\/\/muenster.org\/schanze\/wp-json\/wp\/v2\/types\/page"}],"author":[{"embeddable":true,"href":"https:\/\/muenster.org\/schanze\/wp-json\/wp\/v2\/users\/1"}],"replies":[{"embeddable":true,"href":"https:\/\/muenster.org\/schanze\/wp-json\/wp\/v2\/comments?post=11"}],"version-history":[{"count":4,"href":"https:\/\/muenster.org\/schanze\/wp-json\/wp\/v2\/pages\/11\/revisions"}],"predecessor-version":[{"id":983,"href":"https:\/\/muenster.org\/schanze\/wp-json\/wp\/v2\/pages\/11\/revisions\/983"}],"wp:attachment":[{"href":"https:\/\/muenster.org\/schanze\/wp-json\/wp\/v2\/media?parent=11"}],"curies":[{"name":"wp","href":"https:\/\/api.w.org\/{rel}","templated":true}]}}