{"id":39,"date":"2018-04-30T20:40:21","date_gmt":"2018-04-30T18:40:21","guid":{"rendered":"http:\/\/muenster.org\/schanze\/?page_id=39"},"modified":"2025-02-04T09:26:20","modified_gmt":"2025-02-04T08:26:20","slug":"aufnahme","status":"publish","type":"page","link":"https:\/\/muenster.org\/schanze\/aufnahme\/","title":{"rendered":"Aufnahme"},"content":{"rendered":"<p>Eine K\u00fcnstlergemeinschaft? Haben Sie sich das gut \u00fcberlegt? Dann nichts wie vorbeikommen zu unserem runden Treff im Marktcaf\u00e9 in M\u00fcnster (jeden zweiten Donnerstag im Monat um 18 Uhr)- da k\u00f6nnen Sie dann noch einmal genauer schauen. Aber sollten Sie sich entschlie\u00dfen, Mitglied zu werden, erwarten wir eine Qualifikation durch die Vorlage aktueller Arbeiten von Ihnen.<\/p>\n<p>Gew\u00f6hnlich nehmen wir keine Berufsanf\u00e4nger, aber auch da kann es Ausnahmen geben. Zuerst einmal entscheidet unsere Aufnahmekommission \u00fcber eine vorl\u00e4ufige zweij\u00e4hrige Mitgliedschaft- eine endg\u00fcltige Aufnahme wird dann in einer Mitgliederversammlung mit allen Anwesenden abgestimmt. Innerhalb dieser zwei Jahre besteht die M\u00f6glichkeit beider- bzw. vielseitig rundum zu schauen, wie es menschlich und k\u00fcnstlerisch wunderbar gedeiht oder vielleicht auch nicht.<\/p>\n<p>In jedem Fall freuen wir uns auf Sie und danken f\u00fcr Ihr Interesse.<\/p>\n","protected":false},"excerpt":{"rendered":"<p>Eine K\u00fcnstlergemeinschaft? Haben Sie sich das gut \u00fcberlegt? Dann nichts wie vorbeikommen zu unserem runden Treff im Marktcaf\u00e9 in M\u00fcnster (jeden zweiten Donnerstag im Monat um 18 Uhr)- da k\u00f6nnen Sie dann noch einmal genauer schauen. Aber sollten Sie sich entschlie\u00dfen, Mitglied zu werden, erwarten wir eine Qualifikation durch die Vorlage aktueller Arbeiten von Ihnen. &hellip; <a href=\"https:\/\/muenster.org\/schanze\/aufnahme\/\" class=\"more-link\"><span class=\"screen-reader-text\">Aufnahme<\/span> weiterlesen<\/a><\/p>\n","protected":false},"author":1,"featured_media":0,"parent":0,"menu_order":0,"comment_status":"closed","ping_status":"closed","template":"","meta":{"ngg_post_thumbnail":0,"footnotes":""},"class_list":["post-39","page","type-page","status-publish","hentry"],"_links":{"self":[{"href":"https:\/\/muenster.org\/schanze\/wp-json\/wp\/v2\/pages\/39","targetHints":{"allow":["GET"]}}],"collection":[{"href":"https:\/\/muenster.org\/schanze\/wp-json\/wp\/v2\/pages"}],"about":[{"href":"https:\/\/muenster.org\/schanze\/wp-json\/wp\/v2\/types\/page"}],"author":[{"embeddable":true,"href":"https:\/\/muenster.org\/schanze\/wp-json\/wp\/v2\/users\/1"}],"replies":[{"embeddable":true,"href":"https:\/\/muenster.org\/schanze\/wp-json\/wp\/v2\/comments?post=39"}],"version-history":[{"count":4,"href":"https:\/\/muenster.org\/schanze\/wp-json\/wp\/v2\/pages\/39\/revisions"}],"predecessor-version":[{"id":1145,"href":"https:\/\/muenster.org\/schanze\/wp-json\/wp\/v2\/pages\/39\/revisions\/1145"}],"wp:attachment":[{"href":"https:\/\/muenster.org\/schanze\/wp-json\/wp\/v2\/media?parent=39"}],"curies":[{"name":"wp","href":"https:\/\/api.w.org\/{rel}","templated":true}]}}