{"id":572,"date":"2019-12-14T13:12:12","date_gmt":"2019-12-14T12:12:12","guid":{"rendered":"http:\/\/muenster.org\/schanze\/?page_id=572"},"modified":"2020-03-26T09:54:52","modified_gmt":"2020-03-26T08:54:52","slug":"2017-2","status":"publish","type":"page","link":"https:\/\/muenster.org\/schanze\/2017-2\/","title":{"rendered":"2017"},"content":{"rendered":"\n<h3 class=\"wp-block-heading\">InTeam- Neue Arbeiten auf Papier<\/h3>\n\n\n\n<figure class=\"wp-block-image\"><img loading=\"lazy\" decoding=\"async\" width=\"768\" height=\"1024\" src=\"https:\/\/muenster.org\/schanze\/wp-content\/uploads\/2019\/12\/P2252474-768x1024.jpg\" alt=\"\" class=\"wp-image-573\" srcset=\"https:\/\/muenster.org\/schanze\/wp-content\/uploads\/2019\/12\/P2252474-768x1024.jpg 768w, https:\/\/muenster.org\/schanze\/wp-content\/uploads\/2019\/12\/P2252474-225x300.jpg 225w\" sizes=\"auto, (max-width: 768px) 100vw, 768px\" \/><\/figure>\n\n\n\n<figure class=\"wp-block-image\"><img loading=\"lazy\" decoding=\"async\" width=\"768\" height=\"1024\" src=\"https:\/\/muenster.org\/schanze\/wp-content\/uploads\/2019\/12\/P2252478-768x1024.jpg\" alt=\"\" class=\"wp-image-574\" srcset=\"https:\/\/muenster.org\/schanze\/wp-content\/uploads\/2019\/12\/P2252478-768x1024.jpg 768w, https:\/\/muenster.org\/schanze\/wp-content\/uploads\/2019\/12\/P2252478-225x300.jpg 225w\" sizes=\"auto, (max-width: 768px) 100vw, 768px\" \/><\/figure>\n\n\n\n<figure class=\"wp-block-image\"><img loading=\"lazy\" decoding=\"async\" width=\"1024\" height=\"768\" src=\"https:\/\/muenster.org\/schanze\/wp-content\/uploads\/2019\/12\/P2252481-1024x768.jpg\" alt=\"\" class=\"wp-image-575\" srcset=\"https:\/\/muenster.org\/schanze\/wp-content\/uploads\/2019\/12\/P2252481-1024x768.jpg 1024w, https:\/\/muenster.org\/schanze\/wp-content\/uploads\/2019\/12\/P2252481-300x225.jpg 300w, https:\/\/muenster.org\/schanze\/wp-content\/uploads\/2019\/12\/P2252481-768x576.jpg 768w\" sizes=\"auto, (max-width: 1024px) 100vw, 1024px\" \/><\/figure>\n\n\n\n<blockquote class=\"wp-block-quote is-layout-flow wp-block-quote-is-layout-flow\"><p><strong>Raumkonzept:<\/strong> Miriam<br><strong>Ansprechperson: <\/strong>Andreas Ermeling, Kulturamt M\u00fcnster<br>2. Ansprechperson war: Herr  Heerden, Mitarbeiter des Hauses der Niederlande <br>Durchf\u00fchrung: Freie K\u00fcnstlergemeinschaft SCHANZE e.V.<br>Rede: Dr. Stephan Trescher, freier Autor &amp; Wissenschaftler<br>Copyrights Fotos: VG bildkunst<br><\/p><\/blockquote>\n\n\n\n<h3 class=\"wp-block-heading\">\u00dcBERG\u00c4NGE<\/h3>\n\n\n<p>05. M\u00e4rz bis 23. April Themenausstellung des Kreiskunstvereins Beckum-Warendorf in Zusammenarbeit mit dem Museum Abtei Liesborn.<\/p>\n<p>u.a. mit <strong>Rolf Jancak<\/strong><\/p>\n\n\n<figure class=\"wp-block-image\"><img loading=\"lazy\" decoding=\"async\" width=\"1024\" height=\"517\" src=\"https:\/\/muenster.org\/schanze\/wp-content\/uploads\/2020\/01\/Lakonischer-Realismus-Dieter-van-Offern-1024x517.jpg\" alt=\"\" class=\"wp-image-601\" srcset=\"https:\/\/muenster.org\/schanze\/wp-content\/uploads\/2020\/01\/Lakonischer-Realismus-Dieter-van-Offern-1024x517.jpg 1024w, https:\/\/muenster.org\/schanze\/wp-content\/uploads\/2020\/01\/Lakonischer-Realismus-Dieter-van-Offern-300x152.jpg 300w, https:\/\/muenster.org\/schanze\/wp-content\/uploads\/2020\/01\/Lakonischer-Realismus-Dieter-van-Offern-768x388.jpg 768w\" sizes=\"auto, (max-width: 1024px) 100vw, 1024px\" \/><figcaption>12. M\u00e4rz bis 29. April<br>Kunstverein Melle<\/figcaption><\/figure>\n\n\n\n<figure class=\"wp-block-image\"><img loading=\"lazy\" decoding=\"async\" width=\"1024\" height=\"530\" src=\"https:\/\/muenster.org\/schanze\/wp-content\/uploads\/2020\/01\/Ilse-Wecker-Uli-Karst-Kunstszene-M\u00fcnster-Ausstellung-1024x530.jpg\" alt=\"\" class=\"wp-image-600\" srcset=\"https:\/\/muenster.org\/schanze\/wp-content\/uploads\/2020\/01\/Ilse-Wecker-Uli-Karst-Kunstszene-M\u00fcnster-Ausstellung-1024x530.jpg 1024w, https:\/\/muenster.org\/schanze\/wp-content\/uploads\/2020\/01\/Ilse-Wecker-Uli-Karst-Kunstszene-M\u00fcnster-Ausstellung-300x155.jpg 300w, https:\/\/muenster.org\/schanze\/wp-content\/uploads\/2020\/01\/Ilse-Wecker-Uli-Karst-Kunstszene-M\u00fcnster-Ausstellung-768x398.jpg 768w\" sizes=\"auto, (max-width: 1024px) 100vw, 1024px\" \/><figcaption>Buchvorstellung &amp; Ausstellung<br>Ulrich Karst und Ilse Wecker zeigen in schwarzwei\u00dfen Fotografien Portraits von K\u00fcnstlern, Kuratoren, Museumsdirektoren, Galeristen, F\u00f6rderern und Sammlern.<br><br>21. M\u00e4rz bis 07. April<br>in der Bezirksregierung M\u00fcnster<\/figcaption><\/figure>\n\n\n\n<figure class=\"wp-block-image\"><img loading=\"lazy\" decoding=\"async\" width=\"991\" height=\"967\" src=\"https:\/\/muenster.org\/schanze\/wp-content\/uploads\/2020\/01\/Melbourne_2017-kl.jpg\" alt=\"\" class=\"wp-image-602\" srcset=\"https:\/\/muenster.org\/schanze\/wp-content\/uploads\/2020\/01\/Melbourne_2017-kl.jpg 991w, https:\/\/muenster.org\/schanze\/wp-content\/uploads\/2020\/01\/Melbourne_2017-kl-300x293.jpg 300w, https:\/\/muenster.org\/schanze\/wp-content\/uploads\/2020\/01\/Melbourne_2017-kl-768x749.jpg 768w\" sizes=\"auto, (max-width: 991px) 100vw, 991px\" \/><\/figure>\n\n\n\n<figure class=\"wp-block-image\"><img loading=\"lazy\" decoding=\"async\" width=\"540\" height=\"1024\" src=\"https:\/\/muenster.org\/schanze\/wp-content\/uploads\/2020\/01\/Skulpturen-im-Dialog_Muenster_2017-zuschnitt-verkl-540x1024.jpg\" alt=\"\" class=\"wp-image-603\" srcset=\"https:\/\/muenster.org\/schanze\/wp-content\/uploads\/2020\/01\/Skulpturen-im-Dialog_Muenster_2017-zuschnitt-verkl-540x1024.jpg 540w, https:\/\/muenster.org\/schanze\/wp-content\/uploads\/2020\/01\/Skulpturen-im-Dialog_Muenster_2017-zuschnitt-verkl-158x300.jpg 158w, https:\/\/muenster.org\/schanze\/wp-content\/uploads\/2020\/01\/Skulpturen-im-Dialog_Muenster_2017-zuschnitt-verkl-768x1455.jpg 768w, https:\/\/muenster.org\/schanze\/wp-content\/uploads\/2020\/01\/Skulpturen-im-Dialog_Muenster_2017-zuschnitt-verkl.jpg 827w\" sizes=\"auto, (max-width: 540px) 100vw, 540px\" \/><\/figure>\n\n\n\n<p><\/p>\n\n\n\n<figure class=\"wp-block-image\"><img loading=\"lazy\" decoding=\"async\" width=\"1024\" height=\"800\" src=\"https:\/\/muenster.org\/schanze\/wp-content\/uploads\/2020\/01\/Weserburg-Einladung-1-1024x800.jpg\" alt=\"\" class=\"wp-image-604\" srcset=\"https:\/\/muenster.org\/schanze\/wp-content\/uploads\/2020\/01\/Weserburg-Einladung-1-1024x800.jpg 1024w, https:\/\/muenster.org\/schanze\/wp-content\/uploads\/2020\/01\/Weserburg-Einladung-1-300x234.jpg 300w, https:\/\/muenster.org\/schanze\/wp-content\/uploads\/2020\/01\/Weserburg-Einladung-1-768x600.jpg 768w, https:\/\/muenster.org\/schanze\/wp-content\/uploads\/2020\/01\/Weserburg-Einladung-1.jpg 1165w\" sizes=\"auto, (max-width: 1024px) 100vw, 1024px\" \/><\/figure>\n\n\n\n<h3 class=\"wp-block-heading\">Verst\u00e4ndigung<\/h3>\n\n\n\n<figure class=\"wp-block-image\"><img loading=\"lazy\" decoding=\"async\" width=\"1024\" height=\"563\" src=\"https:\/\/muenster.org\/schanze\/wp-content\/uploads\/2019\/12\/2017-EINLADUNG-1024x563.jpg\" alt=\"\" class=\"wp-image-576\" srcset=\"https:\/\/muenster.org\/schanze\/wp-content\/uploads\/2019\/12\/2017-EINLADUNG-1024x563.jpg 1024w, https:\/\/muenster.org\/schanze\/wp-content\/uploads\/2019\/12\/2017-EINLADUNG-300x165.jpg 300w, https:\/\/muenster.org\/schanze\/wp-content\/uploads\/2019\/12\/2017-EINLADUNG-768x422.jpg 768w, https:\/\/muenster.org\/schanze\/wp-content\/uploads\/2019\/12\/2017-EINLADUNG.jpg 1762w\" sizes=\"auto, (max-width: 1024px) 100vw, 1024px\" \/><\/figure>\n\n\n\n<p><strong>Thematischer Projekttitel:<\/strong> SCHANZE<br><strong>Design Einladungskarte:<\/strong> Michael Hassels<br><br><strong>Einf\u00fchrung:<\/strong> Dr. Annette Georgi<br><strong>Piano:<\/strong> Frank Wendt<br><br><em>Buslinie 17<\/em><br><\/p>\n\n\n\n<h3 class=\"wp-block-heading\">&#8222;Leidenschaftlich sachlich.<br>  Karl Hauenherm &#8211; ein Maler aus Rheine&#8220;<\/h3>\n\n\n\n<h4 class=\"wp-block-heading\">   Falkenhof Museum Rheine<br>   04.11.2017-04.02.2018<\/h4>\n\n\n\n<p><strong>Begr\u00fc\u00dfung:<\/strong> Leiterin des Falkenhofs Museum Rheine<br><br><strong>Vorstellung &amp; biographische Erz\u00e4hlung &amp; Katalog:<\/strong> <br>Prof. Wolfgang Hauenherm<br><\/p>\n","protected":false},"excerpt":{"rendered":"<p>InTeam- Neue Arbeiten auf Papier Raumkonzept: MiriamAnsprechperson: Andreas Ermeling, Kulturamt M\u00fcnster2. Ansprechperson war: Herr Heerden, Mitarbeiter des Hauses der Niederlande Durchf\u00fchrung: Freie K\u00fcnstlergemeinschaft SCHANZE e.V.Rede: Dr. Stephan Trescher, freier Autor &amp; WissenschaftlerCopyrights Fotos: VG bildkunst \u00dcBERG\u00c4NGE 05. M\u00e4rz bis 23. April Themenausstellung des Kreiskunstvereins Beckum-Warendorf in Zusammenarbeit mit dem Museum Abtei Liesborn. u.a. mit Rolf &hellip; <a href=\"https:\/\/muenster.org\/schanze\/2017-2\/\" class=\"more-link\"><span class=\"screen-reader-text\">2017<\/span> weiterlesen<\/a><\/p>\n","protected":false},"author":1,"featured_media":0,"parent":0,"menu_order":0,"comment_status":"closed","ping_status":"closed","template":"","meta":{"ngg_post_thumbnail":0,"footnotes":""},"class_list":["post-572","page","type-page","status-publish","hentry"],"_links":{"self":[{"href":"https:\/\/muenster.org\/schanze\/wp-json\/wp\/v2\/pages\/572","targetHints":{"allow":["GET"]}}],"collection":[{"href":"https:\/\/muenster.org\/schanze\/wp-json\/wp\/v2\/pages"}],"about":[{"href":"https:\/\/muenster.org\/schanze\/wp-json\/wp\/v2\/types\/page"}],"author":[{"embeddable":true,"href":"https:\/\/muenster.org\/schanze\/wp-json\/wp\/v2\/users\/1"}],"replies":[{"embeddable":true,"href":"https:\/\/muenster.org\/schanze\/wp-json\/wp\/v2\/comments?post=572"}],"version-history":[{"count":3,"href":"https:\/\/muenster.org\/schanze\/wp-json\/wp\/v2\/pages\/572\/revisions"}],"predecessor-version":[{"id":707,"href":"https:\/\/muenster.org\/schanze\/wp-json\/wp\/v2\/pages\/572\/revisions\/707"}],"wp:attachment":[{"href":"https:\/\/muenster.org\/schanze\/wp-json\/wp\/v2\/media?parent=572"}],"curies":[{"name":"wp","href":"https:\/\/api.w.org\/{rel}","templated":true}]}}