{"id":28,"date":"2021-03-07T15:48:07","date_gmt":"2021-03-07T14:48:07","guid":{"rendered":"https:\/\/muenster.org\/semikolon\/?page_id=28"},"modified":"2024-08-15T09:09:37","modified_gmt":"2024-08-15T07:09:37","slug":"autorengruppe-semikolon","status":"publish","type":"page","link":"https:\/\/muenster.org\/semikolon\/autorengruppe-semikolon\/","title":{"rendered":"\u00dcber Sem;kolon"},"content":{"rendered":"\n<p>Die M\u00fcnsteraner Autorengruppe gibt es schon sehr lange. 1991 wurde sie per Kleinanzeige in der<a href=\"https:\/\/www.nadann.de\"> <\/a><a href=\"https:\/\/www.nadann.de\" target=\"_blank\" rel=\"noreferrer noopener\">nadann <\/a>gegr\u00fcndet. 2021 feierten wir darum unser 30-j\u00e4hriges Jubil\u00e4um!<\/p>\n\n\n\n<p>Im Laufe der Jahre gab die Autorengruppe nicht nur zahlreiche Lesungen, es sind auch insgesamt vier Sem;kolon-Anthologien erschienen. Dar\u00fcber hinaus haben einige Autoren eigene Werke ver\u00f6ffentlicht. Die Besetzung wechselte im Laufe der Jahre immer wieder. Bis heute geblieben ist die Idee mit den <a href=\"https:\/\/muenster.org\/semikolon\/autorenstammtisch\/\">Stichworten<\/a> als Ideenlieferant f\u00fcr unsere Texttreffen. <\/p>\n\n\n\n<p>Und das sind einige der aktuellen Strichpunkte:<\/p>\n\n\n\n<div class=\"wp-block-columns is-layout-flex wp-container-core-columns-is-layout-9d6595d7 wp-block-columns-is-layout-flex\">\n<div class=\"wp-block-column is-layout-flow wp-block-column-is-layout-flow\" style=\"flex-basis:33.33%\">\n<figure class=\"wp-block-image size-large is-style-rounded\"><img loading=\"lazy\" decoding=\"async\" width=\"831\" height=\"1024\" src=\"https:\/\/muenster.org\/semikolon\/wp-content\/uploads\/2021\/05\/IMG_3811-3-831x1024.jpg\" alt=\"\" class=\"wp-image-245\" srcset=\"https:\/\/muenster.org\/semikolon\/wp-content\/uploads\/2021\/05\/IMG_3811-3-831x1024.jpg 831w, https:\/\/muenster.org\/semikolon\/wp-content\/uploads\/2021\/05\/IMG_3811-3-243x300.jpg 243w, https:\/\/muenster.org\/semikolon\/wp-content\/uploads\/2021\/05\/IMG_3811-3-768x947.jpg 768w, https:\/\/muenster.org\/semikolon\/wp-content\/uploads\/2021\/05\/IMG_3811-3.jpg 945w\" sizes=\"auto, (max-width: 831px) 100vw, 831px\" \/><\/figure>\n<\/div>\n\n\n\n<div class=\"wp-block-column is-layout-flow wp-block-column-is-layout-flow\" style=\"flex-basis:66.66%\">\n<h2 class=\"wp-block-heading\">Gabi<\/h2>\n\n\n\n<p>Gabi probierte sich in Anwaltsb\u00fcros, Bestattungsinstituten, Theatern und Filmproduktionen aus, studierte Geschichte und machte Musik, bevor endlich feststand, dass es f\u00fcr sie zum Schreiben keine Alternative gibt. Sie fand im Hamburger writers\u00b4 room ein kreatives Zuhause, ver\u00f6ffentlichte in Literaturzeitschriften und Anthologien und erhielt zwei Arbeitsstipendien der Stadt Hamburg. Heute arbeitet sie in M\u00fcnster an ihrem Romandeb\u00fct und hat dabei den Austausch unter den Semikolons sehr zu sch\u00e4tzen gelernt.<\/p>\n<\/div>\n<\/div>\n\n\n\n<div class=\"wp-block-columns is-layout-flex wp-container-core-columns-is-layout-9d6595d7 wp-block-columns-is-layout-flex\">\n<div class=\"wp-block-column is-layout-flow wp-block-column-is-layout-flow\" style=\"flex-basis:33.33%\">\n<figure class=\"wp-block-image size-large is-style-rounded\"><img loading=\"lazy\" decoding=\"async\" width=\"994\" height=\"1024\" src=\"https:\/\/muenster.org\/semikolon\/wp-content\/uploads\/2021\/04\/katja1-994x1024.jpg\" alt=\"\" class=\"wp-image-115\" srcset=\"https:\/\/muenster.org\/semikolon\/wp-content\/uploads\/2021\/04\/katja1-994x1024.jpg 994w, https:\/\/muenster.org\/semikolon\/wp-content\/uploads\/2021\/04\/katja1-291x300.jpg 291w, https:\/\/muenster.org\/semikolon\/wp-content\/uploads\/2021\/04\/katja1-768x791.jpg 768w, https:\/\/muenster.org\/semikolon\/wp-content\/uploads\/2021\/04\/katja1-1491x1536.jpg 1491w, https:\/\/muenster.org\/semikolon\/wp-content\/uploads\/2021\/04\/katja1-1200x1236.jpg 1200w, https:\/\/muenster.org\/semikolon\/wp-content\/uploads\/2021\/04\/katja1.jpg 1976w\" sizes=\"auto, (max-width: 994px) 100vw, 994px\" \/><\/figure>\n<\/div>\n\n\n\n<div class=\"wp-block-column is-layout-flow wp-block-column-is-layout-flow\" style=\"flex-basis:66.66%\">\n<h2 class=\"wp-block-heading\">Katja<\/h2>\n\n\n\n<p>Katja schreibt &#8211; seit der ersten Klasse Geschichten, im Studium und als Redakteurin Sachtexte, mit der Hilfe von Sem;kolon schlie\u00dflich regelm\u00e4\u00dfig d\u00fcstere Kurzgeschichten und andere Texte. Heute arbeitet sie als freie Autorin, Journalistin und Dozentin f\u00fcr  kreatives Schreiben.   <a href=\"https:\/\/www.katjaschreibt.de\/\">www.katjaschreibt.de<\/a><\/p>\n\n\n\n<p><\/p>\n<\/div>\n<\/div>\n\n\n\n<div class=\"wp-block-columns is-layout-flex wp-container-core-columns-is-layout-9d6595d7 wp-block-columns-is-layout-flex\">\n<div class=\"wp-block-column is-layout-flow wp-block-column-is-layout-flow\" style=\"flex-basis:100%\">\n<div class=\"wp-block-columns is-layout-flex wp-container-core-columns-is-layout-9d6595d7 wp-block-columns-is-layout-flex\">\n<div class=\"wp-block-column is-layout-flow wp-block-column-is-layout-flow\" style=\"flex-basis:100%\">\n<div class=\"wp-block-columns is-layout-flex wp-container-core-columns-is-layout-9d6595d7 wp-block-columns-is-layout-flex\">\n<div class=\"wp-block-column is-layout-flow wp-block-column-is-layout-flow\" style=\"flex-basis:33.33%\">\n<figure class=\"wp-block-image size-large is-style-rounded\"><img loading=\"lazy\" decoding=\"async\" width=\"972\" height=\"1024\" src=\"https:\/\/muenster.org\/semikolon\/wp-content\/uploads\/2024\/08\/semikolon-preis-autorengruppe-sieger-martin-klein-972x1024.jpg\" alt=\"\" class=\"wp-image-338\" srcset=\"https:\/\/muenster.org\/semikolon\/wp-content\/uploads\/2024\/08\/semikolon-preis-autorengruppe-sieger-martin-klein-972x1024.jpg 972w, https:\/\/muenster.org\/semikolon\/wp-content\/uploads\/2024\/08\/semikolon-preis-autorengruppe-sieger-martin-klein-285x300.jpg 285w, https:\/\/muenster.org\/semikolon\/wp-content\/uploads\/2024\/08\/semikolon-preis-autorengruppe-sieger-martin-klein-768x809.jpg 768w, https:\/\/muenster.org\/semikolon\/wp-content\/uploads\/2024\/08\/semikolon-preis-autorengruppe-sieger-martin-klein-1200x1265.jpg 1200w, https:\/\/muenster.org\/semikolon\/wp-content\/uploads\/2024\/08\/semikolon-preis-autorengruppe-sieger-martin-klein.jpg 1389w\" sizes=\"auto, (max-width: 972px) 100vw, 972px\" \/><\/figure>\n<\/div>\n\n\n\n<div class=\"wp-block-column is-layout-flow wp-block-column-is-layout-flow\" style=\"flex-basis:66.66%\">\n<h2 class=\"wp-block-heading\">Martin jun. <\/h2>\n\n\n\n<p>Martin hat geschrieben, seit er des Alphabets m\u00e4chtig war. Zuletzt hat er Geschichte und Philosophie in M\u00fcnster studiert, um bis zu seinem literarischen Durchbruch Zeit zu schinden.<\/p>\n<\/div>\n<\/div>\n<\/div>\n<\/div>\n\n\n\n<div class=\"wp-block-columns is-layout-flex wp-container-core-columns-is-layout-9d6595d7 wp-block-columns-is-layout-flex\">\n<div class=\"wp-block-column is-layout-flow wp-block-column-is-layout-flow\" style=\"flex-basis:33.33%\">\n<figure class=\"wp-block-image size-large is-style-rounded\"><img loading=\"lazy\" decoding=\"async\" width=\"439\" height=\"484\" src=\"https:\/\/muenster.org\/semikolon\/wp-content\/uploads\/2021\/04\/Martin.jpg\" alt=\"\" class=\"wp-image-212\" srcset=\"https:\/\/muenster.org\/semikolon\/wp-content\/uploads\/2021\/04\/Martin.jpg 439w, https:\/\/muenster.org\/semikolon\/wp-content\/uploads\/2021\/04\/Martin-272x300.jpg 272w\" sizes=\"auto, (max-width: 439px) 100vw, 439px\" \/><\/figure>\n<\/div>\n\n\n\n<div class=\"wp-block-column is-layout-flow wp-block-column-is-layout-flow\" style=\"flex-basis:66.66%\">\n<h2 class=\"wp-block-heading\">Martin sen.<\/h2>\n\n\n\n<p>Martin war lange im befreundeten Ausland (Hessen), jetzt im Ruhestand wieder in der alten Heimat M\u00fcnster. Hat das Schreiben vor ca. 10 Jahren f\u00fcr sich entdeckt und bei Sem;kolon eine nette Gruppe Gleichgesinnter gefunden. Bisher zwei B\u00fcchlein publiziert (\u201eVerwirrspiel\u201c, ein M\u00fcnster-Wirtschaftskrimi, \u201eVon Andromeda bis Winnetou\u201c, eine Sammlung eigener Kurzgeschichten).<\/p>\n<\/div>\n<\/div>\n<\/div>\n<\/div>\n\n\n\n<p><\/p>\n\n\n\n<p><\/p>\n\n\n\n<p><\/p>\n","protected":false},"excerpt":{"rendered":"<p>Die M\u00fcnsteraner Autorengruppe gibt es schon sehr lange. 1991 wurde sie per Kleinanzeige in der nadann gegr\u00fcndet. 2021 feierten wir darum unser 30-j\u00e4hriges Jubil\u00e4um! Im Laufe der Jahre gab die Autorengruppe nicht nur zahlreiche Lesungen, es sind auch insgesamt vier Sem;kolon-Anthologien erschienen. Dar\u00fcber hinaus haben einige Autoren eigene Werke ver\u00f6ffentlicht. Die Besetzung wechselte im Laufe [&hellip;]<\/p>\n","protected":false},"author":1,"featured_media":0,"parent":0,"menu_order":0,"comment_status":"closed","ping_status":"closed","template":"","meta":{"footnotes":""},"class_list":["post-28","page","type-page","status-publish","hentry"],"_links":{"self":[{"href":"https:\/\/muenster.org\/semikolon\/wp-json\/wp\/v2\/pages\/28","targetHints":{"allow":["GET"]}}],"collection":[{"href":"https:\/\/muenster.org\/semikolon\/wp-json\/wp\/v2\/pages"}],"about":[{"href":"https:\/\/muenster.org\/semikolon\/wp-json\/wp\/v2\/types\/page"}],"author":[{"embeddable":true,"href":"https:\/\/muenster.org\/semikolon\/wp-json\/wp\/v2\/users\/1"}],"replies":[{"embeddable":true,"href":"https:\/\/muenster.org\/semikolon\/wp-json\/wp\/v2\/comments?post=28"}],"version-history":[{"count":32,"href":"https:\/\/muenster.org\/semikolon\/wp-json\/wp\/v2\/pages\/28\/revisions"}],"predecessor-version":[{"id":343,"href":"https:\/\/muenster.org\/semikolon\/wp-json\/wp\/v2\/pages\/28\/revisions\/343"}],"wp:attachment":[{"href":"https:\/\/muenster.org\/semikolon\/wp-json\/wp\/v2\/media?parent=28"}],"curies":[{"name":"wp","href":"https:\/\/api.w.org\/{rel}","templated":true}]}}

Über Sem;kolon

<p>Die Münsteraner Autorengruppe gibt es schon sehr lange. 1991 wurde sie per Kleinanzeige in der<a href="https://www.nadann.de"> </a><a href="https://www.nadann.de" target="_blank" rel="noreferrer noopener">nadann </a>gegründet. 2021 feierten wir darum unser 30-jähriges Jubiläum!</p>



<p>Im Laufe der Jahre gab die Autorengruppe nicht nur zahlreiche Lesungen, es sind auch insgesamt vier Sem;kolon-Anthologien erschienen. Darüber hinaus haben einige Autoren eigene Werke veröffentlicht. Die Besetzung wechselte im Laufe der Jahre immer wieder. Bis heute geblieben ist die Idee mit den <a href="https://muenster.org/semikolon/autorenstammtisch/">Stichworten</a> als Ideenlieferant für unsere Texttreffen. </p>



<p>Und das sind einige der aktuellen Strichpunkte:</p>



<div class="wp-block-columns is-layout-flex wp-container-core-columns-is-layout-9d6595d7 wp-block-columns-is-layout-flex">
<div class="wp-block-column is-layout-flow wp-block-column-is-layout-flow" style="flex-basis:33.33%">
<figure class="wp-block-image size-large is-style-rounded"><img loading="lazy" decoding="async" width="831" height="1024" src="https://muenster.org/semikolon/wp-content/uploads/2021/05/IMG_3811-3-831x1024.jpg" alt="" class="wp-image-245" srcset="https://muenster.org/semikolon/wp-content/uploads/2021/05/IMG_3811-3-831x1024.jpg 831w, https://muenster.org/semikolon/wp-content/uploads/2021/05/IMG_3811-3-243x300.jpg 243w, https://muenster.org/semikolon/wp-content/uploads/2021/05/IMG_3811-3-768x947.jpg 768w, https://muenster.org/semikolon/wp-content/uploads/2021/05/IMG_3811-3.jpg 945w" sizes="auto, (max-width: 831px) 100vw, 831px" /></figure>
</div>



<div class="wp-block-column is-layout-flow wp-block-column-is-layout-flow" style="flex-basis:66.66%">
<h2 class="wp-block-heading">Gabi</h2>



<p>Gabi probierte sich in Anwaltsbüros, Bestattungsinstituten, Theatern und Filmproduktionen aus, studierte Geschichte und machte Musik, bevor endlich feststand, dass es für sie zum Schreiben keine Alternative gibt. Sie fand im Hamburger writers´ room ein kreatives Zuhause, veröffentlichte in Literaturzeitschriften und Anthologien und erhielt zwei Arbeitsstipendien der Stadt Hamburg. Heute arbeitet sie in Münster an ihrem Romandebüt und hat dabei den Austausch unter den Semikolons sehr zu schätzen gelernt.</p>
</div>
</div>



<div class="wp-block-columns is-layout-flex wp-container-core-columns-is-layout-9d6595d7 wp-block-columns-is-layout-flex">
<div class="wp-block-column is-layout-flow wp-block-column-is-layout-flow" style="flex-basis:33.33%">
<figure class="wp-block-image size-large is-style-rounded"><img loading="lazy" decoding="async" width="994" height="1024" src="https://muenster.org/semikolon/wp-content/uploads/2021/04/katja1-994x1024.jpg" alt="" class="wp-image-115" srcset="https://muenster.org/semikolon/wp-content/uploads/2021/04/katja1-994x1024.jpg 994w, https://muenster.org/semikolon/wp-content/uploads/2021/04/katja1-291x300.jpg 291w, https://muenster.org/semikolon/wp-content/uploads/2021/04/katja1-768x791.jpg 768w, https://muenster.org/semikolon/wp-content/uploads/2021/04/katja1-1491x1536.jpg 1491w, https://muenster.org/semikolon/wp-content/uploads/2021/04/katja1-1200x1236.jpg 1200w, https://muenster.org/semikolon/wp-content/uploads/2021/04/katja1.jpg 1976w" sizes="auto, (max-width: 994px) 100vw, 994px" /></figure>
</div>



<div class="wp-block-column is-layout-flow wp-block-column-is-layout-flow" style="flex-basis:66.66%">
<h2 class="wp-block-heading">Katja</h2>



<p>Katja schreibt &#8211; seit der ersten Klasse Geschichten, im Studium und als Redakteurin Sachtexte, mit der Hilfe von Sem;kolon schließlich regelmäßig düstere Kurzgeschichten und andere Texte. Heute arbeitet sie als freie Autorin, Journalistin und Dozentin für  kreatives Schreiben.   <a href="https://www.katjaschreibt.de/">www.katjaschreibt.de</a></p>



<p></p>
</div>
</div>



<div class="wp-block-columns is-layout-flex wp-container-core-columns-is-layout-9d6595d7 wp-block-columns-is-layout-flex">
<div class="wp-block-column is-layout-flow wp-block-column-is-layout-flow" style="flex-basis:100%">
<div class="wp-block-columns is-layout-flex wp-container-core-columns-is-layout-9d6595d7 wp-block-columns-is-layout-flex">
<div class="wp-block-column is-layout-flow wp-block-column-is-layout-flow" style="flex-basis:100%">
<div class="wp-block-columns is-layout-flex wp-container-core-columns-is-layout-9d6595d7 wp-block-columns-is-layout-flex">
<div class="wp-block-column is-layout-flow wp-block-column-is-layout-flow" style="flex-basis:33.33%">
<figure class="wp-block-image size-large is-style-rounded"><img loading="lazy" decoding="async" width="972" height="1024" src="https://muenster.org/semikolon/wp-content/uploads/2024/08/semikolon-preis-autorengruppe-sieger-martin-klein-972x1024.jpg" alt="" class="wp-image-338" srcset="https://muenster.org/semikolon/wp-content/uploads/2024/08/semikolon-preis-autorengruppe-sieger-martin-klein-972x1024.jpg 972w, https://muenster.org/semikolon/wp-content/uploads/2024/08/semikolon-preis-autorengruppe-sieger-martin-klein-285x300.jpg 285w, https://muenster.org/semikolon/wp-content/uploads/2024/08/semikolon-preis-autorengruppe-sieger-martin-klein-768x809.jpg 768w, https://muenster.org/semikolon/wp-content/uploads/2024/08/semikolon-preis-autorengruppe-sieger-martin-klein-1200x1265.jpg 1200w, https://muenster.org/semikolon/wp-content/uploads/2024/08/semikolon-preis-autorengruppe-sieger-martin-klein.jpg 1389w" sizes="auto, (max-width: 972px) 100vw, 972px" /></figure>
</div>



<div class="wp-block-column is-layout-flow wp-block-column-is-layout-flow" style="flex-basis:66.66%">
<h2 class="wp-block-heading">Martin jun. </h2>



<p>Martin hat geschrieben, seit er des Alphabets mächtig war. Zuletzt hat er Geschichte und Philosophie in Münster studiert, um bis zu seinem literarischen Durchbruch Zeit zu schinden.</p>
</div>
</div>
</div>
</div>



<div class="wp-block-columns is-layout-flex wp-container-core-columns-is-layout-9d6595d7 wp-block-columns-is-layout-flex">
<div class="wp-block-column is-layout-flow wp-block-column-is-layout-flow" style="flex-basis:33.33%">
<figure class="wp-block-image size-large is-style-rounded"><img loading="lazy" decoding="async" width="439" height="484" src="https://muenster.org/semikolon/wp-content/uploads/2021/04/Martin.jpg" alt="" class="wp-image-212" srcset="https://muenster.org/semikolon/wp-content/uploads/2021/04/Martin.jpg 439w, https://muenster.org/semikolon/wp-content/uploads/2021/04/Martin-272x300.jpg 272w" sizes="auto, (max-width: 439px) 100vw, 439px" /></figure>
</div>



<div class="wp-block-column is-layout-flow wp-block-column-is-layout-flow" style="flex-basis:66.66%">
<h2 class="wp-block-heading">Martin sen.</h2>



<p>Martin war lange im befreundeten Ausland (Hessen), jetzt im Ruhestand wieder in der alten Heimat Münster. Hat das Schreiben vor ca. 10 Jahren für sich entdeckt und bei Sem;kolon eine nette Gruppe Gleichgesinnter gefunden. Bisher zwei Büchlein publiziert („Verwirrspiel“, ein Münster-Wirtschaftskrimi, „Von Andromeda bis Winnetou“, eine Sammlung eigener Kurzgeschichten).</p>
</div>
</div>
</div>
</div>



<p></p>



<p></p>



<p></p>

<p>Die Münsteraner Autorengruppe gibt es schon sehr lange. 1991 wurde sie per Kleinanzeige in der nadann gegründet. 2021 feierten wir darum unser 30-jähriges Jubiläum! Im Laufe der Jahre gab die Autorengruppe nicht nur zahlreiche Lesungen, es sind auch insgesamt vier Sem;kolon-Anthologien erschienen. Darüber hinaus haben einige Autoren eigene Werke veröffentlicht. Die Besetzung wechselte im Laufe [&hellip;]</p>
