{"id":266,"date":"2019-04-02T21:49:10","date_gmt":"2019-04-02T19:49:10","guid":{"rendered":"http:\/\/muenster.org\/zero-waste-muenster\/?page_id=266"},"modified":"2019-05-13T21:44:54","modified_gmt":"2019-05-13T19:44:54","slug":"spenden","status":"publish","type":"page","link":"https:\/\/muenster.org\/zero-waste-muenster\/mitmachen\/spenden\/","title":{"rendered":"Spenden"},"content":{"rendered":"\n<p>M\u00f6chtest du uns mit einer finanziellen Spende unterst\u00fctzen? Vielen Dank!<br>Mit einer Spende erm\u00f6glichst du uns die Weiterentwicklung unseres Auftritts und unserer Aktionen \u2013 denn leider kostet alles irgendwie Geld.<br>Weil unser Verein vom Finanzamt als Gemeinn\u00fctzig anerkannt wurde, stellen wir nach Ablauf des Kalenderjahres eine Spendenquittung \u00fcber alle finanziellen Aufwendungen an den Verein aus. Diese kann man dem Finanzamt vorlegen und spart dadurch Steuern. Eine Spende an den Zero Waste M\u00fcnster e.V. unterst\u00fctzt also nicht nur unsere Arbeit, sondern tut auch Positives bei der n\u00e4chsten Steuererkl\u00e4rung!<\/p>\n\n\n\n<p>\u00dcberweist den Betrag, den du uns spenden m\u00f6chtest einfach auf unser Vereinskonto<br>IBAN:\u00a0DE18 4306 0967 4105 7775 00<br>BIC: GENODEM1GLS<\/p>\n\n\n\n<p>Wenn du uns deine Adressdaten separat zusendest, k\u00f6nnen wir die Bescheinigung problemlos zustellen. Deine personenbezogenen Daten benutzen wir nat\u00fcrlich strikt vertraulich.<\/p>\n","protected":false},"excerpt":{"rendered":"<p>M\u00f6chtest du uns mit einer finanziellen Spende unterst\u00fctzen? Vielen Dank!Mit einer Spende erm\u00f6glichst du uns die Weiterentwicklung unseres Auftritts und unserer Aktionen \u2013 denn leider kostet alles irgendwie Geld.Weil unser Verein vom Finanzamt als Gemeinn\u00fctzig anerkannt wurde, stellen wir nach Ablauf des Kalenderjahres eine Spendenquittung \u00fcber alle finanziellen Aufwendungen an den Verein aus. Diese kann&hellip; <a href=\"https:\/\/muenster.org\/zero-waste-muenster\/mitmachen\/spenden\/\" class=\"more-link\">Continue reading <span class=\"screen-reader-text\">Spenden<\/span><\/a><\/p>\n","protected":false},"author":1,"featured_media":0,"parent":257,"menu_order":0,"comment_status":"closed","ping_status":"closed","template":"","meta":[],"_links":{"self":[{"href":"https:\/\/muenster.org\/zero-waste-muenster\/wp-json\/wp\/v2\/pages\/266"}],"collection":[{"href":"https:\/\/muenster.org\/zero-waste-muenster\/wp-json\/wp\/v2\/pages"}],"about":[{"href":"https:\/\/muenster.org\/zero-waste-muenster\/wp-json\/wp\/v2\/types\/page"}],"author":[{"embeddable":true,"href":"https:\/\/muenster.org\/zero-waste-muenster\/wp-json\/wp\/v2\/users\/1"}],"replies":[{"embeddable":true,"href":"https:\/\/muenster.org\/zero-waste-muenster\/wp-json\/wp\/v2\/comments?post=266"}],"version-history":[{"count":3,"href":"https:\/\/muenster.org\/zero-waste-muenster\/wp-json\/wp\/v2\/pages\/266\/revisions"}],"predecessor-version":[{"id":487,"href":"https:\/\/muenster.org\/zero-waste-muenster\/wp-json\/wp\/v2\/pages\/266\/revisions\/487"}],"up":[{"embeddable":true,"href":"https:\/\/muenster.org\/zero-waste-muenster\/wp-json\/wp\/v2\/pages\/257"}],"wp:attachment":[{"href":"https:\/\/muenster.org\/zero-waste-muenster\/wp-json\/wp\/v2\/media?parent=266"}],"curies":[{"name":"wp","href":"https:\/\/api.w.org\/{rel}","templated":true}]}}