{"id":9,"date":"2019-02-14T13:59:31","date_gmt":"2019-02-14T13:59:31","guid":{"rendered":"http:\/\/muenster.org\/zero-waste-muenster\/?page_id=9"},"modified":"2020-06-29T11:34:06","modified_gmt":"2020-06-29T09:34:06","slug":"ueber-uns","status":"publish","type":"page","link":"https:\/\/muenster.org\/zero-waste-muenster\/ueber-uns\/","title":{"rendered":"\u00dcber uns"},"content":{"rendered":"\n<p><strong>Selbstverst\u00e4ndnis<\/strong><\/p>\n\n\n\n<p>Auf der Mitgliederversammlung vom 12. Okotober 2018 wurde folgendes Selbstverst\u00e4ndnis von den anwesenden Mitgliedern einstimmig beschlossen.<\/p>\n\n\n\n<blockquote class=\"wp-block-quote\"><p>Der Verein Zero Waste M\u00fcnster versteht sich als Zusammenschluss von aktiven und erfahrenen Zero Waste\u2019lern\u00a0und anderen Personen, die sich f\u00fcr das Thema Umweltschutz interessieren, aber erst am Anfang ihrer Zero Waste-Entdeckungsreise stehen. Der Verein versucht das Thema Abfallvermeidung einem breiten Publikum bekannt zu machen und initiiert und entfaltet dazu Aktivit\u00e4ten im Bereich Bildung und Aufkl\u00e4rung. Deswegen vernetzt der Verein aktive Zero Waste\u2019ler und Interessierte, unterst\u00fctzt nach Kr\u00e4ften die Durchf\u00fchrung von Aktivit\u00e4ten im Bereich Abfallvermeidung &amp; kooperiert mit anderen Initiativen, Gruppen, Institutionen und Vereinen. Zum Mitmachen bei den Aktivit\u00e4ten des Vereins sind jederzeit auch alle Personen willkommen, die (noch) kein Mitglied sind\u00a0\u2013\u00a0und dies auch vielleicht nicht werden wollen\u00a0\u2013, sich aber f\u00fcr die Sache einsetzen wollen. Allen Mitgliedern steht es frei, au\u00dferhalb des Rahmens des Vereins weitergehende Aktivit\u00e4ten zu entfalten.<\/p><\/blockquote>\n\n\n\n<p><br><\/p>\n","protected":false},"excerpt":{"rendered":"<p>Selbstverst\u00e4ndnis Auf der Mitgliederversammlung vom 12. Okotober 2018 wurde folgendes Selbstverst\u00e4ndnis von den anwesenden Mitgliedern einstimmig beschlossen. Der Verein Zero Waste M\u00fcnster versteht sich als Zusammenschluss von aktiven und erfahrenen Zero Waste\u2019lern\u00a0und anderen Personen, die sich f\u00fcr das Thema Umweltschutz interessieren, aber erst am Anfang ihrer Zero Waste-Entdeckungsreise stehen. Der Verein versucht das Thema Abfallvermeidung&hellip; <a href=\"https:\/\/muenster.org\/zero-waste-muenster\/ueber-uns\/\" class=\"more-link\">Continue reading <span class=\"screen-reader-text\">\u00dcber uns<\/span><\/a><\/p>\n","protected":false},"author":1,"featured_media":0,"parent":0,"menu_order":0,"comment_status":"closed","ping_status":"closed","template":"","meta":[],"_links":{"self":[{"href":"https:\/\/muenster.org\/zero-waste-muenster\/wp-json\/wp\/v2\/pages\/9"}],"collection":[{"href":"https:\/\/muenster.org\/zero-waste-muenster\/wp-json\/wp\/v2\/pages"}],"about":[{"href":"https:\/\/muenster.org\/zero-waste-muenster\/wp-json\/wp\/v2\/types\/page"}],"author":[{"embeddable":true,"href":"https:\/\/muenster.org\/zero-waste-muenster\/wp-json\/wp\/v2\/users\/1"}],"replies":[{"embeddable":true,"href":"https:\/\/muenster.org\/zero-waste-muenster\/wp-json\/wp\/v2\/comments?post=9"}],"version-history":[{"count":12,"href":"https:\/\/muenster.org\/zero-waste-muenster\/wp-json\/wp\/v2\/pages\/9\/revisions"}],"predecessor-version":[{"id":695,"href":"https:\/\/muenster.org\/zero-waste-muenster\/wp-json\/wp\/v2\/pages\/9\/revisions\/695"}],"wp:attachment":[{"href":"https:\/\/muenster.org\/zero-waste-muenster\/wp-json\/wp\/v2\/media?parent=9"}],"curies":[{"name":"wp","href":"https:\/\/api.w.org\/{rel}","templated":true}]}}